{"id":929,"date":"2015-12-22T11:46:46","date_gmt":"2015-12-22T10:46:46","guid":{"rendered":"http:\/\/crecimientointerior.com\/?page_id=929"},"modified":"2020-03-09T19:49:41","modified_gmt":"2020-03-09T19:49:41","slug":"introduccion","status":"publish","type":"page","link":"https:\/\/crecimientointerior.com\/index.php\/esencias-florales\/introduccion\/","title":{"rendered":"Introducci\u00f3n"},"content":{"rendered":"<div>\n<h3 align=\"center\"><span style=\"color: #000000;\"><strong>Las Esencias Florales <em>sabemos que no son medicamentos, aunque apoyan sublimemente la salud<\/em>.<\/strong><\/span><\/h3>\n<p><span style=\"color: #000000;\"><strong>&nbsp;<\/strong><\/span><\/p>\n<ul>\n<li>\n<h2><span style=\"color: #000000;\"><strong>\u00bfQu\u00e9 son las esencias florales?<\/strong><\/span><\/h2>\n<\/li>\n<\/ul>\n<p><span style=\"color: #000000;\"><strong>&nbsp;<\/strong><\/span><\/p>\n<p style=\"text-align: justify;\"><span style=\"color: #000000;\">Las Esencias Florales son&nbsp; recogidas de flores silvestres cuyas propiedades curativas act\u00faan sobre los estados emocionales de hombres, animales y sobre las propiedades vitales de las plantas.<\/span><\/p>\n<p style=\"text-align: justify;\"><span style=\"color: #000000;\">Hacen formato en un sistema cuyo axioma b\u00e1sico, establecido por el m\u00e9dico gal\u00e9s Edward Bach , dice que la enfermedad es el resultado de un desequilibrio emocional, dicho desequilibrio tiene lugar en el campo energ\u00e9tico del Ser Vivo y que si este persiste, se produce la enfermedad en el cuerpo f\u00edsico.<!--more--><\/span><\/p>\n<p style=\"text-align: justify;\"><span style=\"color: #000000;\">Por tanto el agente activo y curativo, deber\u00e1 actuar sobre las causas y no sobre los \u201c<em>efectos\u201d,<\/em> es decir corrigiendo el desequilibrio emocional \u00f3 lo que lo dio forma: pensamiento, idea, actitud, sensaci\u00f3n, sentimiento, h\u00e1bito,&#8230;..patr\u00f3n,&#8230;., en su campo energ\u00e9tico, all\u00ed donde la materia f\u00edsica es densa, se convierte en energ\u00eda y viceversa ,&nbsp; depende de la velocidad de la luz;&nbsp; y la materia sutil es as\u00ed por que va a mayor velocidad que la luz: esta es la visi\u00f3n energ\u00e9tica del Ser Vivo&nbsp; que es multidimensional, es decir con varios campos de energ\u00eda en interacci\u00f3n.<\/span><\/p>\n<p><span style=\"color: #000000;\"><strong>&nbsp;<\/strong><\/span><\/p>\n<p><span style=\"color: #000000;\"><strong>&nbsp;<\/strong><\/span><\/p>\n<ul>\n<li>\n<h2><span style=\"color: #000000;\"><strong>El Dr. Edward Bach<\/strong> <strong>y las esencias florales<\/strong><\/span><\/h2>\n<div><span style=\"color: #000000;\"><strong><a style=\"color: #000000;\" href=\"http:\/\/carmenrisueno.files.wordpress.com\/2012\/12\/bach.jpg\"><img loading=\"lazy\" decoding=\"async\" class=\"aligncenter size-full wp-image-77\" title=\"Edward Bach\" src=\"http:\/\/carmenrisueno.files.wordpress.com\/2012\/12\/bach.jpg\" alt=\"\" width=\"203\" height=\"285\"><\/a><br \/>\n<\/strong><\/span><\/div>\n<\/li>\n<\/ul>\n<blockquote>\n<p style=\"text-align: justify;\"><span style=\"color: #000000;\">Es el paciente qui\u00e9n debe ser tratado y no la enfermedad.<\/span><\/p>\n<\/blockquote>\n<blockquote>\n<p style=\"text-align: justify;\"><span style=\"color: #000000;\">No se cura realmente atacando la enfermedad, sino tratando el cuerpo con las hermosas vibraciones de nuestra naturaleza superior, en presencia de la cual la enfermedad se funde como la nieve bajo el sol.<\/span><\/p>\n<\/blockquote>\n<blockquote>\n<p style=\"text-align: justify;\" align=\"right\"><span style=\"color: #000000;\">&nbsp;La curaci\u00f3n emana de nuestro interior igual que la enfermedad.<\/span><\/p>\n<\/blockquote>\n<blockquote>\n<p style=\"text-align: justify;\" align=\"right\"><span style=\"color: #000000;\">La&nbsp;salud depende de que estemos en armon\u00eda con nuestra alma.<\/span><\/p>\n<p><span style=\"color: #000000;\">Nuestras almas son perfectas. Somos hijos de Dios [1], y todo lo que nuestra alma nos obliga a hacer es por nuestro bien.<\/span><\/p><\/blockquote>\n<blockquote><p><span style=\"color: #000000;\">Todo lo que tenemos que hacer es salvaguardar nuestra personalidad, vivir nuestra propia vida, ser el capit\u00e1n de nuestro propio barco, y as\u00ed todo saldr\u00e1 bien.<\/span><\/p><\/blockquote>\n<blockquote><p><span style=\"color: #000000;\">Para que nosotros mismos seamos libres, debemos dar libertad a los dem\u00e1s.<\/span><\/p><\/blockquote>\n<\/div>\n<p><span style=\"color: #000000;\"><strong>&nbsp;<\/strong><\/span><\/p>\n<div>\n<hr align=\"left\" size=\"1\" width=\"33%\">\n<div>\n<p><span style=\"color: #000000;\">[1] Literal de los escritos de Edward Bach.<\/span><\/p>\n<ul>\n<li>\n<h2><span style=\"color: #000000;\"><strong>Preparaci\u00f3n de las Esencias<\/strong>.<\/span><\/h2>\n<\/li>\n<\/ul>\n<p style=\"text-align: justify;\"><span style=\"color: #000000;\">Las esencias florales una vez elaboradas y envasadas en los frascos que ya conocemos comercializados, es de estos envases que seg\u00fan criterio del individuo consumidor deesencias florales, \u00f3 del terapeuta floral pertinente,&nbsp; se incorporan&nbsp; dos gotas de cada esencia&nbsp; en otro frasco de 30 cc de color caramelo y con tap\u00f3n gotero, para su f\u00e1cil administraci\u00f3n y tratamiento; en un m\u00e1ximo de seis \u00f3 siete esencias d\u00e1ndole una forma<\/span><\/p>\n<p style=\"text-align: justify;\"><span style=\"color: #000000;\">que procurar\u00e1n un trabajo sin\u00e9rgico entre ellas. Y tambi\u00e9n en seg\u00fan casos se proceder\u00e1, a&nbsp; tomas de modo <em>unicista, <\/em>es decir de una sola flor. Si la situaci\u00f3n es aguda, podr\u00e1 suministrarse directamente dos gotitas del frasco comercializado en la boca, durante el tiempo necesario hasta su alivio \u00f3 desaparici\u00f3n del mal estar.<\/span><\/p>\n<p style=\"text-align: justify;\"><span style=\"color: #000000;\">Tal mezcla&nbsp; anidar\u00e1 en un 75% de agua lo menos mineralizada posible y sin gas con un 25% de brandy procurando incorporar el menos azucarado, haciendo de conservante; observando que para los ni\u00f1os, ancianos, personas con dolencias hep\u00e1ticas, alcoholismo, \u00f3 gustos, se procuran otros conservantes como la glicerina vegetal y \u00f3 el vinagre de manzana.<\/span><\/p>\n<ul>\n<li>\n<h2><span style=\"color: #000000;\">\u00bf<strong>Donde conseguirlas y como tomarlas<\/strong>?.<\/span><\/h2>\n<\/li>\n<\/ul>\n<p style=\"text-align: justify;\"><span style=\"color: #000000;\">Las Esencias Florales del Dr Bach, pueden conseguirse con facilidad en ecotiendas, herborister\u00edas, \u00f3 llamando a los distribuidores de los laboratorios yo los elaboradores que se encargan del env\u00edo a domicilio, previo contacto telef\u00f3nico \u00f3&nbsp; correo electr\u00f3nico, a trav\u00e9s de internet.<\/span><\/p>\n<p style=\"text-align: justify;\"><span style=\"color: #000000;\">-Floralba., <a style=\"color: #000000;\" href=\"mailto:floralba@mixmail.com\">floralba@mixmail.com<\/a>. <a style=\"color: #000000;\" href=\"mailto:floralba@arrakis.es\">floralba@arrakis.es<\/a>. Flores de Bach. Flores de Mediterr\u00e1neo, Orqu\u00eddeas, Flores del Alba, Damas \u00c1ureas, R\u00f3sas de P\u00e9rcival.<\/span><\/p>\n<p style=\"text-align: justify;\"><span style=\"color: #000000;\">&#8211; El SERBAL, www.elserbal.es<\/span><\/p>\n<p style=\"text-align: justify;\"><span style=\"color: #000000;\">&#8211; Milagra, <a style=\"color: #000000;\" href=\"http:\/\/www.milagraspirit.org\" target=\"_blank\" rel=\"noopener noreferrer\">www.milagraspirit.org<\/a><\/span><\/p>\n<p style=\"text-align: justify;\"><span style=\"color: #000000;\">-Farmacia Pecharrom\u00e1n Abad, calle Puerto Rico, 11, 28016. Madrid. Tel\u00e9fono, 915198486<\/span><\/p>\n<p style=\"text-align: justify;\"><span style=\"color: #000000;\">-Nestinar, <a style=\"color: #000000;\" href=\"mailto:nestinar@nestinar.com\">nestinar@nestinar.com<\/a>. Flores de California, Cactus, Bush, Orqu\u00eddeas<\/span><\/p>\n<p style=\"text-align: justify;\"><span style=\"color: #000000;\">-Ark\u00e9, <a style=\"color: #000000;\" href=\"mailto:flors@arkebcn.com\">flors@arkebcn.com<\/a><\/span><\/p>\n<p style=\"text-align: justify;\"><span style=\"color: #000000;\">-Artesan\u00eda agr\u00edcola, <a style=\"color: #000000;\" href=\"http:\/\/www.artesaniaagricola.com\/\">www.artesaniaagricola.com<\/a><\/span><\/p>\n<p style=\"text-align: justify;\"><span style=\"color: #000000;\">-Farmacia Coliseum. <a style=\"color: #000000;\" href=\"http:\/\/farmaciacoliseum.com\/terapia-floral\" target=\"_blank\" rel=\"noopener noreferrer\">www.farmaciacoliseum.com<\/a>, Barcelona. <a style=\"color: #000000;\" href=\"mailto:evatoni@coliseum.e.telefonica.net\">evatoni@coliseum.e.telefonica.net<\/a><\/span><\/p>\n<p style=\"text-align: justify;\"><span style=\"color: #000000;\">Una vez hecho un preparado floral en frasco de 30cc, agua y conservante; con una \u00f3 m\u00e1s esencias florales, en el que se incorporan dos gotas de cada&nbsp; preparado comercializado. Se da comienzo, si es la primera vez del contacto floral: de modo sublingual, con tomas de cuatro gotas&nbsp; del preparado que hemos dado forma en 30cc para el tratamiento personalizado, cada 10 minutos en las tres primeras horas, despu\u00e9s cada 15 minutos en las siguientes siete horas. M\u00e1s all\u00e1 de este comienzo \u00f3 para el d\u00eda siguiente, en tomas de cuatro gotas&nbsp; cuatro veces por d\u00eda y seis veces en el caso de alguna cronicidad \u00f3 estados agudos. La primera toma al incorporarse de la cama y la \u00faltima al acostarse. Procurando que en la boca no se hallen residuos de pasta dental, tabaco, comida, alcohol&#8230;<\/span><\/p>\n<ul>\n<li>\n<h2><span style=\"color: #000000;\">\u00bf<strong>Qui\u00e9n las recomienda? Reconocidas por la O.M.S.<\/strong><\/span><\/h2>\n<\/li>\n<\/ul>\n<p style=\"text-align: justify;\"><span style=\"color: #000000;\">&#8230;&#8230;&#8230;.<em>El primero fue el descubrimiento de un m\u00e9dico home\u00f3pata gal\u00e9s, Dr Edward Bach <\/em><\/span><\/p>\n<p style=\"text-align: justify;\"><span style=\"color: #000000;\"><em>(1886-1936),&nbsp; que hizo hacia el final de su vida. <\/em><em>Se usan treinta y ocho flores o brotes, cada una sirve para un espec\u00edfico estado emocional o un tipo de personalidad. Los remedios de Bach parecen trabajar con&nbsp; el mismo principio de&nbsp; la homeopat\u00eda y las hierbas&nbsp; ellos transmiten un modelo de energ\u00eda. El autor los ha usado cada vez m\u00e1s en la pr\u00e1ctica m\u00e9dica durante los \u00faltimos 17 a\u00f1os. Los remedios trabajan mejor con personas&nbsp; j\u00f3venes y con aquellos que han tenido trastornos recientes (11). Cada remedio est\u00e1 orientado a un tipo de persona y condici\u00f3n. El uso de todos estos remedios a nivel&nbsp; mundial es minoritario. Los Remedios florales son excelentes para la autocuraci\u00f3n, carecen totalmente de efectos secundarios y son inocuos si se da el remedio equivocado.<\/em><\/span><\/p>\n<h2><span style=\"color: #000000;\">Fdo<\/span><\/h2>\n<p style=\"text-align: center;\"><span style=\"color: #000000;\"><em>&nbsp;<\/em><em>La Medicina<\/em><em> tradicional y Fondos de cuidado de Salud<\/em><\/span><\/p>\n<p style=\"text-align: center;\"><span style=\"color: #000000;\"><em>La Organizaci\u00f3n Mundial<\/em><em> de la Salud de Ginebra(A\u00f1o 1976)<\/em><\/span><\/p>\n<\/div>\n<\/div>\n","protected":false},"excerpt":{"rendered":"<p>Las Esencias Florales sabemos que no son medicamentos, aunque apoyan sublimemente la salud. &nbsp; \u00bfQu\u00e9 son las esencias florales? &nbsp; Las Esencias Florales son&nbsp; recogidas de flores silvestres cuyas propiedades curativas act\u00faan sobre los estados emocionales de hombres, animales y sobre las propiedades vitales de las plantas. Hacen formato en un sistema cuyo axioma b\u00e1sico, &hellip; <a href=\"https:\/\/crecimientointerior.com\/index.php\/esencias-florales\/introduccion\/\" class=\"more-link\">Seguir leyendo <span class=\"screen-reader-text\">Introducci\u00f3n<\/span> <span class=\"meta-nav\">&rarr;<\/span><\/a><\/p>\n","protected":false},"author":1,"featured_media":0,"parent":887,"menu_order":1,"comment_status":"closed","ping_status":"closed","template":"","meta":{"footnotes":""},"class_list":["post-929","page","type-page","status-publish","hentry"],"_links":{"self":[{"href":"https:\/\/crecimientointerior.com\/index.php\/wp-json\/wp\/v2\/pages\/929","targetHints":{"allow":["GET"]}}],"collection":[{"href":"https:\/\/crecimientointerior.com\/index.php\/wp-json\/wp\/v2\/pages"}],"about":[{"href":"https:\/\/crecimientointerior.com\/index.php\/wp-json\/wp\/v2\/types\/page"}],"author":[{"embeddable":true,"href":"https:\/\/crecimientointerior.com\/index.php\/wp-json\/wp\/v2\/users\/1"}],"replies":[{"embeddable":true,"href":"https:\/\/crecimientointerior.com\/index.php\/wp-json\/wp\/v2\/comments?post=929"}],"version-history":[{"count":0,"href":"https:\/\/crecimientointerior.com\/index.php\/wp-json\/wp\/v2\/pages\/929\/revisions"}],"up":[{"embeddable":true,"href":"https:\/\/crecimientointerior.com\/index.php\/wp-json\/wp\/v2\/pages\/887"}],"wp:attachment":[{"href":"https:\/\/crecimientointerior.com\/index.php\/wp-json\/wp\/v2\/media?parent=929"}],"curies":[{"name":"wp","href":"https:\/\/api.w.org\/{rel}","templated":true}]}}

Introducción

<div>
<h3 align="center"><span style="color: #000000;"><strong>Las Esencias Florales <em>sabemos que no son medicamentos, aunque apoyan sublimemente la salud</em>.</strong></span></h3>
<p><span style="color: #000000;"><strong>&nbsp;</strong></span></p>
<ul>
<li>
<h2><span style="color: #000000;"><strong>¿Qué son las esencias florales?</strong></span></h2>
</li>
</ul>
<p><span style="color: #000000;"><strong>&nbsp;</strong></span></p>
<p style="text-align: justify;"><span style="color: #000000;">Las Esencias Florales son&nbsp; recogidas de flores silvestres cuyas propiedades curativas actúan sobre los estados emocionales de hombres, animales y sobre las propiedades vitales de las plantas.</span></p>
<p style="text-align: justify;"><span style="color: #000000;">Hacen formato en un sistema cuyo axioma básico, establecido por el médico galés Edward Bach , dice que la enfermedad es el resultado de un desequilibrio emocional, dicho desequilibrio tiene lugar en el campo energético del Ser Vivo y que si este persiste, se produce la enfermedad en el cuerpo físico.<!--more--></span></p>
<p style="text-align: justify;"><span style="color: #000000;">Por tanto el agente activo y curativo, deberá actuar sobre las causas y no sobre los “<em>efectos”,</em> es decir corrigiendo el desequilibrio emocional ó lo que lo dio forma: pensamiento, idea, actitud, sensación, sentimiento, hábito,&#8230;..patrón,&#8230;., en su campo energético, allí donde la materia física es densa, se convierte en energía y viceversa ,&nbsp; depende de la velocidad de la luz;&nbsp; y la materia sutil es así por que va a mayor velocidad que la luz: esta es la visión energética del Ser Vivo&nbsp; que es multidimensional, es decir con varios campos de energía en interacción.</span></p>
<p><span style="color: #000000;"><strong>&nbsp;</strong></span></p>
<p><span style="color: #000000;"><strong>&nbsp;</strong></span></p>
<ul>
<li>
<h2><span style="color: #000000;"><strong>El Dr. Edward Bach</strong> <strong>y las esencias florales</strong></span></h2>
<div><span style="color: #000000;"><strong><a style="color: #000000;" href="http://carmenrisueno.files.wordpress.com/2012/12/bach.jpg"><img loading="lazy" decoding="async" class="aligncenter size-full wp-image-77" title="Edward Bach" src="http://carmenrisueno.files.wordpress.com/2012/12/bach.jpg" alt="" width="203" height="285"></a><br />
</strong></span></div>
</li>
</ul>
<blockquote>
<p style="text-align: justify;"><span style="color: #000000;">Es el paciente quién debe ser tratado y no la enfermedad.</span></p>
</blockquote>
<blockquote>
<p style="text-align: justify;"><span style="color: #000000;">No se cura realmente atacando la enfermedad, sino tratando el cuerpo con las hermosas vibraciones de nuestra naturaleza superior, en presencia de la cual la enfermedad se funde como la nieve bajo el sol.</span></p>
</blockquote>
<blockquote>
<p style="text-align: justify;" align="right"><span style="color: #000000;">&nbsp;La curación emana de nuestro interior igual que la enfermedad.</span></p>
</blockquote>
<blockquote>
<p style="text-align: justify;" align="right"><span style="color: #000000;">La&nbsp;salud depende de que estemos en armonía con nuestra alma.</span></p>
<p><span style="color: #000000;">Nuestras almas son perfectas. Somos hijos de Dios [1], y todo lo que nuestra alma nos obliga a hacer es por nuestro bien.</span></p></blockquote>
<blockquote><p><span style="color: #000000;">Todo lo que tenemos que hacer es salvaguardar nuestra personalidad, vivir nuestra propia vida, ser el capitán de nuestro propio barco, y así todo saldrá bien.</span></p></blockquote>
<blockquote><p><span style="color: #000000;">Para que nosotros mismos seamos libres, debemos dar libertad a los demás.</span></p></blockquote>
</div>
<p><span style="color: #000000;"><strong>&nbsp;</strong></span></p>
<div>
<hr align="left" size="1" width="33%">
<div>
<p><span style="color: #000000;">[1] Literal de los escritos de Edward Bach.</span></p>
<ul>
<li>
<h2><span style="color: #000000;"><strong>Preparación de las Esencias</strong>.</span></h2>
</li>
</ul>
<p style="text-align: justify;"><span style="color: #000000;">Las esencias florales una vez elaboradas y envasadas en los frascos que ya conocemos comercializados, es de estos envases que según criterio del individuo consumidor deesencias florales, ó del terapeuta floral pertinente,&nbsp; se incorporan&nbsp; dos gotas de cada esencia&nbsp; en otro frasco de 30 cc de color caramelo y con tapón gotero, para su fácil administración y tratamiento; en un máximo de seis ó siete esencias dándole una forma</span></p>
<p style="text-align: justify;"><span style="color: #000000;">que procurarán un trabajo sinérgico entre ellas. Y también en según casos se procederá, a&nbsp; tomas de modo <em>unicista, </em>es decir de una sola flor. Si la situación es aguda, podrá suministrarse directamente dos gotitas del frasco comercializado en la boca, durante el tiempo necesario hasta su alivio ó desaparición del mal estar.</span></p>
<p style="text-align: justify;"><span style="color: #000000;">Tal mezcla&nbsp; anidará en un 75% de agua lo menos mineralizada posible y sin gas con un 25% de brandy procurando incorporar el menos azucarado, haciendo de conservante; observando que para los niños, ancianos, personas con dolencias hepáticas, alcoholismo, ó gustos, se procuran otros conservantes como la glicerina vegetal y ó el vinagre de manzana.</span></p>
<ul>
<li>
<h2><span style="color: #000000;">¿<strong>Donde conseguirlas y como tomarlas</strong>?.</span></h2>
</li>
</ul>
<p style="text-align: justify;"><span style="color: #000000;">Las Esencias Florales del Dr Bach, pueden conseguirse con facilidad en ecotiendas, herboristerías, ó llamando a los distribuidores de los laboratorios yo los elaboradores que se encargan del envío a domicilio, previo contacto telefónico ó&nbsp; correo electrónico, a través de internet.</span></p>
<p style="text-align: justify;"><span style="color: #000000;">-Floralba., <a style="color: #000000;" href="mailto:floralba@mixmail.com">floralba@mixmail.com</a>. <a style="color: #000000;" href="mailto:floralba@arrakis.es">floralba@arrakis.es</a>. Flores de Bach. Flores de Mediterráneo, Orquídeas, Flores del Alba, Damas Áureas, Rósas de Pércival.</span></p>
<p style="text-align: justify;"><span style="color: #000000;">&#8211; El SERBAL, www.elserbal.es</span></p>
<p style="text-align: justify;"><span style="color: #000000;">&#8211; Milagra, <a style="color: #000000;" href="http://www.milagraspirit.org" target="_blank" rel="noopener noreferrer">www.milagraspirit.org</a></span></p>
<p style="text-align: justify;"><span style="color: #000000;">-Farmacia Pecharromán Abad, calle Puerto Rico, 11, 28016. Madrid. Teléfono, 915198486</span></p>
<p style="text-align: justify;"><span style="color: #000000;">-Nestinar, <a style="color: #000000;" href="mailto:nestinar@nestinar.com">nestinar@nestinar.com</a>. Flores de California, Cactus, Bush, Orquídeas</span></p>
<p style="text-align: justify;"><span style="color: #000000;">-Arké, <a style="color: #000000;" href="mailto:flors@arkebcn.com">flors@arkebcn.com</a></span></p>
<p style="text-align: justify;"><span style="color: #000000;">-Artesanía agrícola, <a style="color: #000000;" href="http://www.artesaniaagricola.com/">www.artesaniaagricola.com</a></span></p>
<p style="text-align: justify;"><span style="color: #000000;">-Farmacia Coliseum. <a style="color: #000000;" href="http://farmaciacoliseum.com/terapia-floral" target="_blank" rel="noopener noreferrer">www.farmaciacoliseum.com</a>, Barcelona. <a style="color: #000000;" href="mailto:evatoni@coliseum.e.telefonica.net">evatoni@coliseum.e.telefonica.net</a></span></p>
<p style="text-align: justify;"><span style="color: #000000;">Una vez hecho un preparado floral en frasco de 30cc, agua y conservante; con una ó más esencias florales, en el que se incorporan dos gotas de cada&nbsp; preparado comercializado. Se da comienzo, si es la primera vez del contacto floral: de modo sublingual, con tomas de cuatro gotas&nbsp; del preparado que hemos dado forma en 30cc para el tratamiento personalizado, cada 10 minutos en las tres primeras horas, después cada 15 minutos en las siguientes siete horas. Más allá de este comienzo ó para el día siguiente, en tomas de cuatro gotas&nbsp; cuatro veces por día y seis veces en el caso de alguna cronicidad ó estados agudos. La primera toma al incorporarse de la cama y la última al acostarse. Procurando que en la boca no se hallen residuos de pasta dental, tabaco, comida, alcohol&#8230;</span></p>
<ul>
<li>
<h2><span style="color: #000000;">¿<strong>Quién las recomienda? Reconocidas por la O.M.S.</strong></span></h2>
</li>
</ul>
<p style="text-align: justify;"><span style="color: #000000;">&#8230;&#8230;&#8230;.<em>El primero fue el descubrimiento de un médico homeópata galés, Dr Edward Bach </em></span></p>
<p style="text-align: justify;"><span style="color: #000000;"><em>(1886-1936),&nbsp; que hizo hacia el final de su vida. </em><em>Se usan treinta y ocho flores o brotes, cada una sirve para un específico estado emocional o un tipo de personalidad. Los remedios de Bach parecen trabajar con&nbsp; el mismo principio de&nbsp; la homeopatía y las hierbas&nbsp; ellos transmiten un modelo de energía. El autor los ha usado cada vez más en la práctica médica durante los últimos 17 años. Los remedios trabajan mejor con personas&nbsp; jóvenes y con aquellos que han tenido trastornos recientes (11). Cada remedio está orientado a un tipo de persona y condición. El uso de todos estos remedios a nivel&nbsp; mundial es minoritario. Los Remedios florales son excelentes para la autocuración, carecen totalmente de efectos secundarios y son inocuos si se da el remedio equivocado.</em></span></p>
<h2><span style="color: #000000;">Fdo</span></h2>
<p style="text-align: center;"><span style="color: #000000;"><em>&nbsp;</em><em>La Medicina</em><em> tradicional y Fondos de cuidado de Salud</em></span></p>
<p style="text-align: center;"><span style="color: #000000;"><em>La Organización Mundial</em><em> de la Salud de Ginebra(Año 1976)</em></span></p>
</div>
</div>

<p>Las Esencias Florales sabemos que no son medicamentos, aunque apoyan sublimemente la salud. &nbsp; ¿Qué son las esencias florales? &nbsp; Las Esencias Florales son&nbsp; recogidas de flores silvestres cuyas propiedades curativas actúan sobre los estados emocionales de hombres, animales y sobre las propiedades vitales de las plantas. Hacen formato en un sistema cuyo axioma básico, &hellip; <a href="https://crecimientointerior.com/index.php/esencias-florales/introduccion/" class="more-link">Seguir leyendo <span class="screen-reader-text">Introducción</span> <span class="meta-nav">&rarr;</span></a></p>
