{"id":905,"date":"2015-12-22T10:55:14","date_gmt":"2015-12-22T09:55:14","guid":{"rendered":"http:\/\/crecimientointerior.com\/?page_id=905"},"modified":"2015-12-22T10:55:14","modified_gmt":"2015-12-22T09:55:14","slug":"para-que-el-eneagrama-de-la-personalidad","status":"publish","type":"page","link":"https:\/\/crecimientointerior.com\/index.php\/eneagrama-de-la-personalidad\/para-que-el-eneagrama-de-la-personalidad\/","title":{"rendered":"\u00bfPara qu\u00e9 el Eneagrama de la personalidad?"},"content":{"rendered":"<div>\n<p style=\"text-align:justify;\"><span style=\"line-height:1.5em;text-align:justify;color:#000000;\">Esta prodigiosa herramienta est\u00e1 dotada en si misma de fuerza y comprensi\u00f3n. Ambas nos ser\u00e1n bien necesarias para aceptar sin distracciones nuestras carencias,\u00a0nuestras angustias,\u00a0miedos,\u00a0nuestros patrones de h\u00e1bitos y las creencias m\u00e1s severas e irrisorias a las que nos vemos sometidos desde nuestra ni\u00f1ez, repiti\u00e9ndolas una y otra vez\u00a1\u00a1!!\u00a0<\/span><\/p>\n<\/div>\n<div style=\"text-align:justify;\">\n<p><span style=\"color:#000000;\">Esto se acabar\u00e1 en cuanto <!--more-->tomemos conciencia y, conozcamos paso a paso los caminos a transitar, ser\u00e1n tantos como ilusiones llegamos a tener<\/span><\/p>\n<\/div>\n<div>\n<p style=\"text-align:justify;\"><span style=\"color:#000000;\">Transitar las sombras y entrever las luces, ser\u00e1n momentos inolvidables<\/span><\/p>\n<p><span style=\"color:#000000;\"><img loading=\"lazy\" decoding=\"async\" class=\"size-full wp-image-637 aligncenter\" style=\"line-height:1.5em;\" src=\"http:\/\/carmenrisueno.files.wordpress.com\/2014\/02\/eneagrama_01.jpg\" alt=\"Eneagrama_01\" width=\"320\" height=\"221\" srcset=\"https:\/\/crecimientointerior.com\/wp-content\/uploads\/2014\/02\/eneagrama_01.jpg 320w, https:\/\/crecimientointerior.com\/wp-content\/uploads\/2014\/02\/eneagrama_01-300x207.jpg 300w\" sizes=\"auto, (max-width: 320px) 100vw, 320px\" \/><\/span><\/p>\n<p style=\"text-align:justify;\"><span style=\"color:#000000;\">Conocer y reconocer nuestras \u201calas\u201d, adem\u00e1s de otros movimientos dentro del eneagrama, movimientos de nuestros tipos en ajustes conservadores y, con el desarrollo en profundidad de nuestro SER y ESTAR en este nuestro mundo, parecer\u00e1 y se experimentar\u00e1 todo m\u00e1s l\u00fadico\u2026 si entras en los ajustes creativos\u2026tu y tu vida os lo merec\u00e9is, nos lo merecemos todas y todos<\/span><\/p>\n<p style=\"text-align:justify;\"><span style=\"color:#000000;\">Conocer y reconocer-nos:<\/span><\/p>\n<p style=\"text-align:justify;\"><span style=\"color:#000000;\">Desde lo intelectual, desde lo sentimental y \u00a0desde lo visceral<\/span><\/p>\n<p style=\"text-align:justify;\"><span style=\"color:#000000;\">Conocer y reconocer-nos<\/span><\/p>\n<p style=\"text-align:justify;\"><span style=\"color:#000000;\">En cada situaci\u00f3n peri\u00f3dica y viciada y, tambi\u00e9n reconocernos cambiantes y resolutivos, evolutivos<\/span><\/p>\n<p style=\"text-align:center;\" align=\"center\"><span style=\"color:#000000;\">Dejaremos atr\u00e1s el conocimiento para adentrarnos en la sabidur\u00eda<\/span><\/p>\n<p style=\"text-align:center;\" align=\"center\"><span style=\"color:#000000;\">\u00bfQu\u00e9 hay de la espiritualidad?<\/span><\/p>\n<p style=\"text-align:justify;\"><span style=\"color:#000000;\">Camino en ocasiones poco o nada transitado, aunque muy necesario para transitar el dia a d\u00eda, el momento a momento\u2026hasta una coherente integraci\u00f3n con cada \u201chistoria\u201d, con cada interaccion con la GRAN HISTORIA del UNIVERSO<\/span><\/p>\n<p style=\"text-align:center;\" align=\"center\"><span style=\"color:#000000;\">UNIVERSO = HECHO DE UNA VEZ<\/span><\/p>\n<p><span style=\"color:#000000;\"><span style=\"line-height:1.5em;\">\u00a0<\/span><img loading=\"lazy\" decoding=\"async\" class=\"alignnone size-full wp-image-638 aligncenter\" style=\"line-height:1.5em;\" src=\"http:\/\/carmenrisueno.files.wordpress.com\/2014\/02\/eneagrama_02.png\" alt=\"Eneagrama_02\" width=\"259\" height=\"194\" \/><\/span><\/p>\n<p style=\"text-align:justify;\"><span style=\"color:#000000;\">No nos quedemos \u201crotos\u201d, separados de nosotros mismos y por ende de los dem\u00e1s. Entregu\u00e9monos al viaje interno m\u00e1s rico y sustancioso, y experimentemos cada UNO nuestra VERDAD.<\/span><\/p>\n<\/div>\n<p style=\"text-align:justify;\"><span style=\"color:#000000;\">\u00a0<\/span><\/p>\n","protected":false},"excerpt":{"rendered":"<p>Esta prodigiosa herramienta est\u00e1 dotada en si misma de fuerza y comprensi\u00f3n. Ambas nos ser\u00e1n bien necesarias para aceptar sin distracciones nuestras carencias,\u00a0nuestras angustias,\u00a0miedos,\u00a0nuestros patrones de h\u00e1bitos y las creencias m\u00e1s severas e irrisorias a las que nos vemos sometidos desde nuestra ni\u00f1ez, repiti\u00e9ndolas una y otra vez\u00a1\u00a1!!\u00a0 Esto se acabar\u00e1 en cuanto<\/p>\n","protected":false},"author":1,"featured_media":0,"parent":889,"menu_order":1,"comment_status":"closed","ping_status":"closed","template":"","meta":{"footnotes":""},"class_list":["post-905","page","type-page","status-publish","hentry"],"_links":{"self":[{"href":"https:\/\/crecimientointerior.com\/index.php\/wp-json\/wp\/v2\/pages\/905","targetHints":{"allow":["GET"]}}],"collection":[{"href":"https:\/\/crecimientointerior.com\/index.php\/wp-json\/wp\/v2\/pages"}],"about":[{"href":"https:\/\/crecimientointerior.com\/index.php\/wp-json\/wp\/v2\/types\/page"}],"author":[{"embeddable":true,"href":"https:\/\/crecimientointerior.com\/index.php\/wp-json\/wp\/v2\/users\/1"}],"replies":[{"embeddable":true,"href":"https:\/\/crecimientointerior.com\/index.php\/wp-json\/wp\/v2\/comments?post=905"}],"version-history":[{"count":0,"href":"https:\/\/crecimientointerior.com\/index.php\/wp-json\/wp\/v2\/pages\/905\/revisions"}],"up":[{"embeddable":true,"href":"https:\/\/crecimientointerior.com\/index.php\/wp-json\/wp\/v2\/pages\/889"}],"wp:attachment":[{"href":"https:\/\/crecimientointerior.com\/index.php\/wp-json\/wp\/v2\/media?parent=905"}],"curies":[{"name":"wp","href":"https:\/\/api.w.org\/{rel}","templated":true}]}}

¿Para qué el Eneagrama de la personalidad?

<div>
<p style="text-align:justify;"><span style="line-height:1.5em;text-align:justify;color:#000000;">Esta prodigiosa herramienta está dotada en si misma de fuerza y comprensión. Ambas nos serán bien necesarias para aceptar sin distracciones nuestras carencias, nuestras angustias, miedos, nuestros patrones de hábitos y las creencias más severas e irrisorias a las que nos vemos sometidos desde nuestra niñez, repitiéndolas una y otra vez¡¡!! </span></p>
</div>
<div style="text-align:justify;">
<p><span style="color:#000000;">Esto se acabará en cuanto <!--more-->tomemos conciencia y, conozcamos paso a paso los caminos a transitar, serán tantos como ilusiones llegamos a tener</span></p>
</div>
<div>
<p style="text-align:justify;"><span style="color:#000000;">Transitar las sombras y entrever las luces, serán momentos inolvidables</span></p>
<p><span style="color:#000000;"><img loading="lazy" decoding="async" class="size-full wp-image-637 aligncenter" style="line-height:1.5em;" src="http://carmenrisueno.files.wordpress.com/2014/02/eneagrama_01.jpg" alt="Eneagrama_01" width="320" height="221" srcset="https://crecimientointerior.com/wp-content/uploads/2014/02/eneagrama_01.jpg 320w, https://crecimientointerior.com/wp-content/uploads/2014/02/eneagrama_01-300x207.jpg 300w" sizes="auto, (max-width: 320px) 100vw, 320px" /></span></p>
<p style="text-align:justify;"><span style="color:#000000;">Conocer y reconocer nuestras “alas”, además de otros movimientos dentro del eneagrama, movimientos de nuestros tipos en ajustes conservadores y, con el desarrollo en profundidad de nuestro SER y ESTAR en este nuestro mundo, parecerá y se experimentará todo más lúdico… si entras en los ajustes creativos…tu y tu vida os lo merecéis, nos lo merecemos todas y todos</span></p>
<p style="text-align:justify;"><span style="color:#000000;">Conocer y reconocer-nos:</span></p>
<p style="text-align:justify;"><span style="color:#000000;">Desde lo intelectual, desde lo sentimental y  desde lo visceral</span></p>
<p style="text-align:justify;"><span style="color:#000000;">Conocer y reconocer-nos</span></p>
<p style="text-align:justify;"><span style="color:#000000;">En cada situación periódica y viciada y, también reconocernos cambiantes y resolutivos, evolutivos</span></p>
<p style="text-align:center;" align="center"><span style="color:#000000;">Dejaremos atrás el conocimiento para adentrarnos en la sabiduría</span></p>
<p style="text-align:center;" align="center"><span style="color:#000000;">¿Qué hay de la espiritualidad?</span></p>
<p style="text-align:justify;"><span style="color:#000000;">Camino en ocasiones poco o nada transitado, aunque muy necesario para transitar el dia a día, el momento a momento…hasta una coherente integración con cada “historia”, con cada interaccion con la GRAN HISTORIA del UNIVERSO</span></p>
<p style="text-align:center;" align="center"><span style="color:#000000;">UNIVERSO = HECHO DE UNA VEZ</span></p>
<p><span style="color:#000000;"><span style="line-height:1.5em;"> </span><img loading="lazy" decoding="async" class="alignnone size-full wp-image-638 aligncenter" style="line-height:1.5em;" src="http://carmenrisueno.files.wordpress.com/2014/02/eneagrama_02.png" alt="Eneagrama_02" width="259" height="194" /></span></p>
<p style="text-align:justify;"><span style="color:#000000;">No nos quedemos “rotos”, separados de nosotros mismos y por ende de los demás. Entreguémonos al viaje interno más rico y sustancioso, y experimentemos cada UNO nuestra VERDAD.</span></p>
</div>
<p style="text-align:justify;"><span style="color:#000000;"> </span></p>

<p>Esta prodigiosa herramienta está dotada en si misma de fuerza y comprensión. Ambas nos serán bien necesarias para aceptar sin distracciones nuestras carencias, nuestras angustias, miedos, nuestros patrones de hábitos y las creencias más severas e irrisorias a las que nos vemos sometidos desde nuestra niñez, repitiéndolas una y otra vez¡¡!!  Esto se acabará en cuanto</p>
