{"id":901,"date":"2015-12-22T10:47:48","date_gmt":"2015-12-22T09:47:48","guid":{"rendered":"http:\/\/crecimientointerior.com\/?page_id=901"},"modified":"2023-11-08T10:14:29","modified_gmt":"2023-11-08T09:14:29","slug":"elaboraciones-florales","status":"publish","type":"page","link":"https:\/\/crecimientointerior.com\/index.php\/pagina-cursos\/elaboraciones-florales\/","title":{"rendered":"Elaboraciones Florales"},"content":{"rendered":"\n<p class=\"has-black-color has-text-color has-link-color wp-elements-bc2cb883f092b318568bdba4cee35866\">Llevamos elaborando desde los a\u00f1os 2000, excepto el a\u00f1o pasado, para esta pr\u00f3xima primavera, iremos viendo fecha adecuada, consulta mas adelante<\/p>\n\n\n\n<p class=\"has-black-color has-text-color has-link-color wp-elements-061bbaf2faacf4d45a53bb0c871e06a1\"><span style=\"color: #000000;\">Si tienes inter\u00e9s en aprender y practicar elaboraciones de plantas y flores con la metodolog\u00eda del Dr. Edward BACH, ponte en contacto conmigo, iremos a caminar por lugares de la Sierra de Madrid y, recogeremos <\/span><strong><span style=\"color: #000000;\">adem\u00e1s<\/span> una experiencia &nbsp;inolvidable.<\/strong> <\/p>\n\n\n\n<p class=\"has-black-color has-text-color has-link-color wp-elements-aac7587ac2513d4801f5828bdcf819a3\"><strong>Llama: 629677047, un poquito antes de abril.<\/strong><\/p>\n\n\n\n<p class=\"has-black-color has-text-color has-link-color wp-elements-0561c6eef8365dd4efedf25d7ea8ba2b\"><strong>Consultaremos meteorolog\u00eda.<\/strong><\/p>\n\n\n<div class=\"wp-block-image\">\n<figure class=\"aligncenter is-resized\"><img loading=\"lazy\" decoding=\"async\" width=\"247\" height=\"204\" src=\"http:\/\/carmenrisueno.files.wordpress.com\/2013\/04\/elaboraciones02.jpg\" alt=\"Elaboraciones02\" class=\"wp-image-568\" style=\"width:310px;height:256px\"\/><\/figure>\n<\/div>\n\n<div class=\"wp-block-image\">\n<figure class=\"aligncenter size-large is-resized\"><img loading=\"lazy\" decoding=\"async\" width=\"461\" height=\"277\" src=\"https:\/\/crecimientointerior.com\/wp-content\/uploads\/2020\/03\/thumbnail_image.png\" alt=\"\" class=\"wp-image-1424\" style=\"width:330px;height:198px\" srcset=\"https:\/\/crecimientointerior.com\/wp-content\/uploads\/2020\/03\/thumbnail_image.png 461w, https:\/\/crecimientointerior.com\/wp-content\/uploads\/2020\/03\/thumbnail_image-300x180.png 300w, https:\/\/crecimientointerior.com\/wp-content\/uploads\/2020\/03\/thumbnail_image-270x162.png 270w\" sizes=\"auto, (max-width: 461px) 100vw, 461px\" \/><\/figure>\n<\/div>\n\n\n<p><span style=\"color: #000000;\"><\/span><\/p>\n\n\n<div class=\"wp-block-image\">\n<figure class=\"aligncenter size-large is-resized\"><img loading=\"lazy\" decoding=\"async\" width=\"280\" height=\"180\" src=\"https:\/\/crecimientointerior.com\/wp-content\/uploads\/2020\/03\/ROCIOS.jpg\" alt=\"\" class=\"wp-image-1425\" style=\"width:324px;height:208px\" srcset=\"https:\/\/crecimientointerior.com\/wp-content\/uploads\/2020\/03\/ROCIOS.jpg 280w, https:\/\/crecimientointerior.com\/wp-content\/uploads\/2020\/03\/ROCIOS-270x174.jpg 270w\" sizes=\"auto, (max-width: 280px) 100vw, 280px\" \/><\/figure>\n<\/div>\n\n\n<p><span style=\"color: #000000;\">Se trata de conectar con la naturaleza y con un@ mism@ sincr\u00f3nicamente, es lo deseable.<\/span><\/p>\n\n\n<div class=\"wp-block-image\">\n<figure class=\"aligncenter is-resized\"><img loading=\"lazy\" decoding=\"async\" width=\"413\" height=\"312\" src=\"http:\/\/carmenrisueno.files.wordpress.com\/2013\/04\/elaboraciones_01.jpg\" alt=\"Elaboraciones_01\" class=\"wp-image-619\" style=\"width:271px;height:205px\"\/><\/figure>\n<\/div>\n\n<div class=\"wp-block-image\">\n<figure class=\"aligncenter is-resized\"><img loading=\"lazy\" decoding=\"async\" width=\"272\" height=\"185\" src=\"http:\/\/carmenrisueno.files.wordpress.com\/2013\/04\/elaboraciones_02.jpg\" alt=\"Elaboraciones_02\" class=\"wp-image-620\" style=\"width:276px;height:188px\"\/><\/figure>\n<\/div>\n\n<div class=\"wp-block-image\">\n<figure class=\"aligncenter is-resized\"><img loading=\"lazy\" decoding=\"async\" width=\"300\" height=\"168\" src=\"http:\/\/carmenrisueno.files.wordpress.com\/2013\/04\/elaboraciones_03.jpg\" alt=\"Elaboraciones_03\" class=\"wp-image-621\" style=\"width:276px;height:155px\"\/><\/figure>\n<\/div>\n\n\n<p><span style=\"color: #000000;\">&nbsp;  <\/span><\/p>\n\n\n\n<p><span style=\"color: #000000;\">Desde ah\u00ed, elegir una o varias plantas para elaborar desde diferentes par\u00e1metros: sus signos externos m\u00e1s los indicadores espirituales, lo que te haga destacar de ti, junto con la planta y&nbsp; las vibraciones resonadoras. Distinguiremos flores silvestres, flores de \u00e1rboles, de arbustos\u2026No todas se elaboran igual. No todos estamos iguales, en principio<\/span><\/p>\n\n\n\n<p><span style=\"color: #000000;\"><b>Indispensable llevar:<\/b><\/span><\/p>\n\n\n\n<p><span style=\"color: #000000;\">Ilusi\u00f3n y buen humor. Levantarse &nbsp;temprano<\/span><\/p>\n\n\n\n<p><span style=\"color: #000000;\">Cuenco de cristal transparente<\/span><\/p>\n\n\n\n<p><span style=\"color: #000000;\">Agua mineral o mejor de manantial in situ (buscaremos fuentes naturales)<\/span><\/p>\n\n\n\n<p><span style=\"color: #000000;\">Brandy \u201cPeinado\u201d, bajo contenido en az\u00facares<\/span><\/p>\n\n\n\n<p><span style=\"color: #000000;\">Papel filtro, varios. O, gasas est\u00e9riles, varias<\/span><\/p>\n\n\n\n<p><span style=\"color: #000000;\">Frasquitos gotero color caramelo de los ml que consideres o, tarros de color caramelo (si son transparentes, lleva papel albal, para proteger de la luz) y del tama\u00f1o que te convenga, para envasar ah\u00ed tus elaboraciones<\/span><\/p>\n\n\n\n<p><span style=\"color: #000000;\">Etiquetas para escribir tus notas sobre la planta elegida. Cuaderno para tus notas en general sobre la experiencia<\/span><\/p>\n\n\n\n<p><span style=\"color: #000000;\">C\u00e1mara fotogr\u00e1fica. Libros de plantas aut\u00f3ctonas y\/o las de Florales del Dr. Bach, bot\u00e1nica y signaturas. Guias y etc\u2026<\/span><\/p>\n\n\n\n<p><span style=\"color: #000000;\">Zapatillas&nbsp; y ropas c\u00f3modas para el momento<\/span><\/p>\n\n\n\n<p><span style=\"color: #000000;\">Se expondr\u00e1n las fechas m\u00e1s adelante\u2026<\/span><\/p>\n\n\n\n<p><span style=\"color: #000000;\"><b>Precio,<\/b> la voluntad o con intercambio de energ\u00edas (dinero, trabajos, alimentos, trueques\u2026en asociaciones que apoyan a gentes con graves necesidades)<\/span><\/p>\n\n\n\n<p><span style=\"color: #000000;\"><b>Ap\u00fantate, no te arrepentir\u00e1s<\/b><b><\/b><\/span><\/p>\n\n\n\n<p><span style=\"color: #000000;\"><b>Llama al <b>629 67 70 47<\/b>, de lunes a viernes<\/b><\/span><\/p>\n","protected":false},"excerpt":{"rendered":"<p>Llevamos elaborando desde los a\u00f1os 2000, excepto el a\u00f1o pasado, para esta pr\u00f3xima primavera, iremos viendo fecha adecuada, consulta mas adelante Si tienes inter\u00e9s en aprender y practicar elaboraciones de plantas y flores con la metodolog\u00eda del Dr. Edward BACH, ponte en contacto conmigo, iremos a caminar por lugares de la Sierra de Madrid y, &hellip; <a href=\"https:\/\/crecimientointerior.com\/index.php\/pagina-cursos\/elaboraciones-florales\/\" class=\"more-link\">Seguir leyendo <span class=\"screen-reader-text\">Elaboraciones Florales<\/span> <span class=\"meta-nav\">&rarr;<\/span><\/a><\/p>\n","protected":false},"author":1,"featured_media":0,"parent":867,"menu_order":3,"comment_status":"closed","ping_status":"closed","template":"","meta":{"footnotes":""},"class_list":["post-901","page","type-page","status-publish","hentry"],"_links":{"self":[{"href":"https:\/\/crecimientointerior.com\/index.php\/wp-json\/wp\/v2\/pages\/901","targetHints":{"allow":["GET"]}}],"collection":[{"href":"https:\/\/crecimientointerior.com\/index.php\/wp-json\/wp\/v2\/pages"}],"about":[{"href":"https:\/\/crecimientointerior.com\/index.php\/wp-json\/wp\/v2\/types\/page"}],"author":[{"embeddable":true,"href":"https:\/\/crecimientointerior.com\/index.php\/wp-json\/wp\/v2\/users\/1"}],"replies":[{"embeddable":true,"href":"https:\/\/crecimientointerior.com\/index.php\/wp-json\/wp\/v2\/comments?post=901"}],"version-history":[{"count":0,"href":"https:\/\/crecimientointerior.com\/index.php\/wp-json\/wp\/v2\/pages\/901\/revisions"}],"up":[{"embeddable":true,"href":"https:\/\/crecimientointerior.com\/index.php\/wp-json\/wp\/v2\/pages\/867"}],"wp:attachment":[{"href":"https:\/\/crecimientointerior.com\/index.php\/wp-json\/wp\/v2\/media?parent=901"}],"curies":[{"name":"wp","href":"https:\/\/api.w.org\/{rel}","templated":true}]}}