{"id":887,"date":"2015-12-21T09:00:16","date_gmt":"2015-12-21T08:00:16","guid":{"rendered":"http:\/\/crecimientointerior.com\/?page_id=887"},"modified":"2024-02-21T08:31:55","modified_gmt":"2024-02-21T07:31:55","slug":"esencias-florales","status":"publish","type":"page","link":"https:\/\/crecimientointerior.com\/index.php\/esencias-florales\/","title":{"rendered":"ESENCIAS FLORALES"},"content":{"rendered":"<style>.kb-row-layout-id887_c34582-3b > .kt-row-column-wrap{align-content:start;}:where(.kb-row-layout-id887_c34582-3b > .kt-row-column-wrap) > .wp-block-kadence-column{justify-content:start;}.kb-row-layout-id887_c34582-3b > .kt-row-column-wrap{column-gap:var(--global-kb-gap-md, 2rem);row-gap:var(--global-kb-gap-md, 2rem);max-width:1108px;padding-top:var(--global-kb-spacing-sm, 1.5rem);padding-bottom:var(--global-kb-spacing-sm, 1.5rem);grid-template-columns:minmax(0, 1fr);}.kb-row-layout-id887_c34582-3b > .kt-row-layout-overlay{opacity:0.30;}@media all and (max-width: 1024px){.kb-row-layout-id887_c34582-3b > .kt-row-column-wrap{grid-template-columns:minmax(0, 1fr);}}@media all and (max-width: 767px){.kb-row-layout-id887_c34582-3b > .kt-row-column-wrap{grid-template-columns:minmax(0, 1fr);}}a{  color:black;}<\/style><div class=\"kb-row-layout-wrap kb-row-layout-id887_c34582-3b alignnone wp-block-kadence-rowlayout\"><div class=\"kt-row-column-wrap kt-has-1-columns kt-row-layout-equal kt-tab-layout-inherit kt-mobile-layout-row kt-row-valign-top kb-theme-content-width\">\n<style>.kadence-column887_62713f-67 > .kt-inside-inner-col,.kadence-column887_62713f-67 > .kt-inside-inner-col:before{border-top-left-radius:0px;border-top-right-radius:0px;border-bottom-right-radius:0px;border-bottom-left-radius:0px;}.kadence-column887_62713f-67 > .kt-inside-inner-col{column-gap:var(--global-kb-gap-sm, 1rem);}.kadence-column887_62713f-67 > .kt-inside-inner-col{flex-direction:column;}.kadence-column887_62713f-67 > .kt-inside-inner-col > .aligncenter{width:100%;}.kadence-column887_62713f-67 > .kt-inside-inner-col:before{opacity:0.3;}.kadence-column887_62713f-67{position:relative;}@media all and (max-width: 1024px){.kadence-column887_62713f-67 > .kt-inside-inner-col{flex-direction:column;justify-content:center;}}@media all and (max-width: 767px){.kadence-column887_62713f-67 > .kt-inside-inner-col{flex-direction:column;justify-content:center;}}<\/style>\n<div class=\"wp-block-kadence-column kadence-column887_62713f-67\"><div class=\"kt-inside-inner-col\">\n<h2 class=\"wp-block-heading has-text-align-center\"><span style=\"color: #000000;\"><strong><em>&#8212; CONTENIDO &#8212;<\/em><\/strong><\/span><\/h2>\n\n\n\n<p class=\"has-text-align-center\"><span style=\"color: #000000;\"><a style=\"color: #000000;\" href=\"https:\/\/crecimientointerior.com\/index.php\/esencias-florales\/introduccion\/\">Introducci\u00f3n<\/a><\/span><\/p>\n\n\n\n<p class=\"has-text-align-center\"><span style=\"color: #000000;\"><a style=\"color: #000000;\" href=\"https:\/\/crecimientointerior.com\/index.php\/los-terapeutas-nos-asociamos\/\">Los Terapeutas nos Asociamos<\/a><\/span><\/p>\n\n\n\n<p class=\"has-text-align-center\"><span style=\"color: #000000;\"><a style=\"color: #000000;\" href=\"https:\/\/crecimientointerior.com\/index.php\/\/esencias-florales\/agrupaciones-florales-segun-el-metodo-del-dr-bach\/\">Agrupaciones florales seg\u00fan el m\u00e9todo del Dr. Bach<\/a><\/span><\/p>\n\n\n\n<p class=\"has-text-align-center\"><span style=\"color: #000000;\"><a style=\"color: #000000;\" href=\"https:\/\/crecimientointerior.com\/index.php\/\/esencias-florales\/esencias-florales-de-2a-y-3a-generacion\/\">Esencias Florales de 2\u00aa y 3\u00aa generaci\u00f3n<\/a><\/span><\/p>\n\n\n\n<p class=\"has-text-align-center\"><span style=\"color: #000000;\"><a style=\"color: #000000;\" href=\"https:\/\/crecimientointerior.com\/index.php\/\/esencias-florales\/aureas-alquimia-introduccion\/\">\u00c1ureas &#8211; Alquimia<\/a><\/span><\/p>\n\n\n\n<p class=\"has-text-align-center\"><span style=\"color: #000000;\"><a style=\"color: #000000;\" href=\"https:\/\/crecimientointerior.com\/index.php\/\/esencias-florales\/articulos-sobre-esencias-florales\/\">Art\u00edculos&nbsp;sobre Esencias Florales<\/a><\/span><\/p>\n<\/div><\/div>\n\n<\/div><\/div>","protected":false},"excerpt":{"rendered":"<p>&#8212; CONTENIDO &#8212; Introducci\u00f3n Los Terapeutas nos Asociamos Agrupaciones florales seg\u00fan el m\u00e9todo del Dr. Bach Esencias Florales de 2\u00aa y 3\u00aa generaci\u00f3n \u00c1ureas &#8211; Alquimia Art\u00edculos&nbsp;sobre Esencias Florales<\/p>\n","protected":false},"author":1,"featured_media":0,"parent":0,"menu_order":5,"comment_status":"closed","ping_status":"closed","template":"","meta":{"footnotes":""},"class_list":["post-887","page","type-page","status-publish","hentry"],"_links":{"self":[{"href":"https:\/\/crecimientointerior.com\/index.php\/wp-json\/wp\/v2\/pages\/887","targetHints":{"allow":["GET"]}}],"collection":[{"href":"https:\/\/crecimientointerior.com\/index.php\/wp-json\/wp\/v2\/pages"}],"about":[{"href":"https:\/\/crecimientointerior.com\/index.php\/wp-json\/wp\/v2\/types\/page"}],"author":[{"embeddable":true,"href":"https:\/\/crecimientointerior.com\/index.php\/wp-json\/wp\/v2\/users\/1"}],"replies":[{"embeddable":true,"href":"https:\/\/crecimientointerior.com\/index.php\/wp-json\/wp\/v2\/comments?post=887"}],"version-history":[{"count":0,"href":"https:\/\/crecimientointerior.com\/index.php\/wp-json\/wp\/v2\/pages\/887\/revisions"}],"wp:attachment":[{"href":"https:\/\/crecimientointerior.com\/index.php\/wp-json\/wp\/v2\/media?parent=887"}],"curies":[{"name":"wp","href":"https:\/\/api.w.org\/{rel}","templated":true}]}}

<style>.kb-row-layout-id887_c34582-3b > .kt-row-column-wrap{align-content:start;}:where(.kb-row-layout-id887_c34582-3b > .kt-row-column-wrap) > .wp-block-kadence-column{justify-content:start;}.kb-row-layout-id887_c34582-3b > .kt-row-column-wrap{column-gap:var(--global-kb-gap-md, 2rem);row-gap:var(--global-kb-gap-md, 2rem);max-width:1108px;padding-top:var(--global-kb-spacing-sm, 1.5rem);padding-bottom:var(--global-kb-spacing-sm, 1.5rem);grid-template-columns:minmax(0, 1fr);}.kb-row-layout-id887_c34582-3b > .kt-row-layout-overlay{opacity:0.30;}@media all and (max-width: 1024px){.kb-row-layout-id887_c34582-3b > .kt-row-column-wrap{grid-template-columns:minmax(0, 1fr);}}@media all and (max-width: 767px){.kb-row-layout-id887_c34582-3b > .kt-row-column-wrap{grid-template-columns:minmax(0, 1fr);}}a{  color:black;}</style><div class="kb-row-layout-wrap kb-row-layout-id887_c34582-3b alignnone wp-block-kadence-rowlayout"><div class="kt-row-column-wrap kt-has-1-columns kt-row-layout-equal kt-tab-layout-inherit kt-mobile-layout-row kt-row-valign-top kb-theme-content-width">
<style>.kadence-column887_62713f-67 > .kt-inside-inner-col,.kadence-column887_62713f-67 > .kt-inside-inner-col:before{border-top-left-radius:0px;border-top-right-radius:0px;border-bottom-right-radius:0px;border-bottom-left-radius:0px;}.kadence-column887_62713f-67 > .kt-inside-inner-col{column-gap:var(--global-kb-gap-sm, 1rem);}.kadence-column887_62713f-67 > .kt-inside-inner-col{flex-direction:column;}.kadence-column887_62713f-67 > .kt-inside-inner-col > .aligncenter{width:100%;}.kadence-column887_62713f-67 > .kt-inside-inner-col:before{opacity:0.3;}.kadence-column887_62713f-67{position:relative;}@media all and (max-width: 1024px){.kadence-column887_62713f-67 > .kt-inside-inner-col{flex-direction:column;justify-content:center;}}@media all and (max-width: 767px){.kadence-column887_62713f-67 > .kt-inside-inner-col{flex-direction:column;justify-content:center;}}</style>
<div class="wp-block-kadence-column kadence-column887_62713f-67"><div class="kt-inside-inner-col">
<h2 class="wp-block-heading has-text-align-center"><span style="color: #000000;"><strong><em>&#8212; CONTENIDO &#8212;</em></strong></span></h2>



<p class="has-text-align-center"><span style="color: #000000;"><a style="color: #000000;" href="https://crecimientointerior.com/index.php/esencias-florales/introduccion/">Introducción</a></span></p>



<p class="has-text-align-center"><span style="color: #000000;"><a style="color: #000000;" href="https://crecimientointerior.com/index.php/los-terapeutas-nos-asociamos/">Los Terapeutas nos Asociamos</a></span></p>



<p class="has-text-align-center"><span style="color: #000000;"><a style="color: #000000;" href="https://crecimientointerior.com/index.php//esencias-florales/agrupaciones-florales-segun-el-metodo-del-dr-bach/">Agrupaciones florales según el método del Dr. Bach</a></span></p>



<p class="has-text-align-center"><span style="color: #000000;"><a style="color: #000000;" href="https://crecimientointerior.com/index.php//esencias-florales/esencias-florales-de-2a-y-3a-generacion/">Esencias Florales de 2ª y 3ª generación</a></span></p>



<p class="has-text-align-center"><span style="color: #000000;"><a style="color: #000000;" href="https://crecimientointerior.com/index.php//esencias-florales/aureas-alquimia-introduccion/">Áureas &#8211; Alquimia</a></span></p>



<p class="has-text-align-center"><span style="color: #000000;"><a style="color: #000000;" href="https://crecimientointerior.com/index.php//esencias-florales/articulos-sobre-esencias-florales/">Artículos&nbsp;sobre Esencias Florales</a></span></p>
</div></div>

</div></div>

<p>&#8212; CONTENIDO &#8212; Introducción Los Terapeutas nos Asociamos Agrupaciones florales según el método del Dr. Bach Esencias Florales de 2ª y 3ª generación Áureas &#8211; Alquimia Artículos&nbsp;sobre Esencias Florales</p>
