{"id":877,"date":"2015-12-22T10:11:08","date_gmt":"2015-12-22T09:11:08","guid":{"rendered":"http:\/\/crecimientointerior.com\/?page_id=877"},"modified":"2021-12-19T14:55:34","modified_gmt":"2021-12-19T14:55:34","slug":"otras-disciplinas-y-esencias-florales","status":"publish","type":"page","link":"https:\/\/crecimientointerior.com\/index.php\/otras-disciplinas-y-esencias-florales\/","title":{"rendered":"Otras disciplinas y Esencias Florales"},"content":{"rendered":"<p style=\"text-align: center;\"><span style=\"color: #000000;\">Esta incorporaci\u00f3n es para compartir una peque\u00f1a parte de mis trabajos desarrollados en estos \u00faltimos 20 a\u00f1os. La mayor\u00eda ha sido fruto de exposiciones en Colegios, Institutos, Asociaciones entre otras SEFLOR, Caps de profesorado, Biocultura, Congresos nacionales e internacionales, en mis propios cursos y seminarios y etc\u2026.<\/span><\/p>\n<p style=\"text-align: center;\"><span style=\"color: #000000;\">\u00a0Cada uno tratar\u00e1 de un tema diferente, la mayor\u00eda dej\u00e1ndose acompa\u00f1ar por la terapia floral ya que es tan flexible que se acomoda a otras disciplinas y \u00e9stas a la terap\u00e9utica floral con facilidad. La vida es flexibilidad y gusto para ir movi\u00e9ndose hacia donde hemos de ir movi\u00e9ndonos\u2026La vida es fruto siempre de: la acci\u00f3n, el sentimiento y, la reflexi\u00f3n<\/span><\/p>\n<hr \/>\n<h2><span style=\"color: #000000;\"><strong>Todo es posible en las artes curativas, Las Flores de <\/strong><\/span><span style=\"color: #000000;\"><strong>Bach y la Grafolog\u00eda unidas en apoyar los cambios<\/strong><\/span><\/h2>\n<p>La Grafoterapia Racional representa la forma m\u00e1s potente de neurog\u00e9nesis a trav\u00e9s de sencillos a la vez que precisos ejercicios con lo que permite la recuperaci\u00f3n de funciones neurofisiol\u00f3gicas claves, ser\u00e1n 12 los impulsos energ\u00e9ticos de los trazos y, desde ah\u00ed habilitar espacio a las esencias florales, conferencia presentada en SEFLOR, en septiembre del 2017<\/p>\n<p>Hace unos treinta y tantos a\u00f1os, me emple\u00e9 a fondo realizando esta terapia e investigando los trazos de manera rigurosa, junto a Mar\u00eda del Carmen Mart\u00ednez Dars\u00e9s (gran experta, en grafomotricidad), hasta mejorar mis dolencias patol\u00f3gicas y desarrollar ostensiblemente, mi salud<\/p>\n<p>Tambi\u00e9n decir que, este trabajo fue presentado en Barcelona en el \u00faltimo Congreso sobre terapia floral de Bach en mayo del 2017 y, organizado por SEDIBAC, asociaci\u00f3n para el estudio y difusi\u00f3n de la terapia del Dr. Bach en Catalu\u00f1a.<\/p>\n<p style=\"text-align: center;\">\n<p>https:\/\/www.slideshare.net\/CrecimientoInterior\/congreso-2017-sedibac\/CrecimientoInterior\/congreso-2017-sedibac<\/p>\n<h2 style=\"text-align: center;\"><\/h2>\n<hr \/>\n<h2 style=\"text-align: left;\"><span style=\"color: #000000;\"><strong>La Biograf\u00eda y las esencias florales.<\/strong><\/span><\/h2>\n<p style=\"text-align: justify;\"><span style=\"color: #000000;\">Trat\u00e9 y trato de ir poniendo con mayor facilidad de cada vez, relaciones e interrelaciones entre diferentes disciplinas, ya que todo va al mismo lugar: hacer semillas de conciencia y, de un modo u otro esto es lo que cuenta. En lo que ahora nos ocupa se trata de hacer una peque\u00f1a introducci\u00f3n desde la Antroposof\u00eda (ciencia y filosof\u00eda configurada por Rudolf Steiner y sus fervientes seguidores, al igual que el Dr. Edward Bach. Cada uno fue desde su inquietud y deseo expreso de acompa\u00f1ar a la humanidad en pon\u00e9rselo m\u00e1s sencillo para sus darse cuenta y, poder abrir a un desarrollo de vida rico y provechoso para \u00e9l individuo y, para el colectivo sea cual sea la magnitud.<\/span><\/p>\n<p>http:\/\/issuu.com\/crecimientointerior\/docs\/la_biograf__a_y_las_e.florales?e=18396011\/32142177<\/p>\n<hr \/>\n<h2 style=\"text-align: left;\"><span style=\"color: #000000;\"><strong>Intercambios Sexuales y las Esencias Florales.<\/strong><\/span><\/h2>\n<p style=\"text-align: justify;\"><span style=\"color: #000000;\">En este trabajo quise y quiero destacar que, la sexualidad puede tener diferentes y variopintos aspectos, que no nos quedemos en lo m\u00e1s superficial y com\u00fan, el sexo puro y duro, que tambi\u00e9n claro\u00a1!. Sexualidad pasa, por ser y estar posicionado en su genuina agresividad, asertividad, voluntad, generosidad, en la mejor superviviencia, en la vivencia o experiencia de vida lo m\u00e1s cercano a su totalidad. Fuerza, empuje, arraigo, desarraigo, sin miedos, ni dudas, ni justificaciones posibles, con un exhaustivo reconocimiento de lo que tenemos desde nuestro \u201corigen\u201d en nuestro interior. Conocer y reconocer la ENERGIA, la energ\u00eda como se mueve y como la movemos nosotr@s, eso es muy importante<\/span><\/p>\n<p style=\"text-align: justify;\"><span style=\"color: #000000;\">A mejor reconocimiento de los \u201ccimientos\u201d aqu\u00ed y ahora, mejor reconocimiento y experiencias del y en el\u00a0 \u201ccielo\u201d en cada situaci\u00f3n y en cada momento del d\u00eda en el aqu\u00ed y ahora, tambi\u00e9n<\/span><\/p>\n<p style=\"text-align: justify;\"><span style=\"color: #000000;\">El dinero. El sexo. El amor. El trabajo. La creatividad. La imaginaci\u00f3n. El conocimiento: son movimientos de las energ\u00edas sexuales y sus expl\u00edcitas materializaciones. Cuanto m\u00e1s claro todo mucho mejor, vayamos intercalando lo concreto con lo abstracto y viceversa: el \u00e1rbol y el bosque<\/span><\/p>\n<p>http:\/\/issuu.com\/crecimientointerior\/docs\/intercambiosexuales?e=18396011\/32142404<\/p>\n<hr \/>\n<h2 style=\"text-align: left;\"><span style=\"color: #000000;\"><strong>El Cliente Tiroideo y la terapia Floral.<\/strong><\/span><\/h2>\n<p style=\"text-align: justify;\"><span style=\"color: #000000;\">Si todos y cada uno de los trabajo tienen que ver con quien los desarrolla, aqu\u00ed, es a\u00fan con mayor notoriedad, pues estoy afecta de esta disfunci\u00f3n desde hace m\u00e1s de 35 a\u00f1os, completa en los s\u00edntomas y dem\u00e1s alteraciones neurovegetativas, fui tratada con recursos naturales: psicoterapia, homeopat\u00eda, moraterapia, vegetarianismo, y como no las esencias florales. Este trabajo fue llevado a un Congreso sobre GESTALT a nivel internacional, organizado por el Centro de Terapia y Psicolog\u00eda C.T.P. en Madrid y, a otro Congreso sobre Terapia Floral en Barcelona, organizado por Sedibac<\/span><\/p>\n<p style=\"text-align: justify;\"><span style=\"color: #000000;\">Conozco bien esta patolog\u00eda y\/o disfunci\u00f3n\/es de la gl\u00e1ndula tiroidea y sus alteraciones a niveles f\u00edsico org\u00e1nicos, an\u00edmico emocionales y los registros en el pensamiento que suelen creer sus afectad@s; de ah\u00ed que los cambios a experimentar sean a todas luces muy\u00a0 favorecedores del desarrollo interno del individuo\/a y todo lo que desencadena a niveles espirituales<\/span><\/p>\n<p style=\"text-align: justify;\"><span style=\"color: #000000;\">El origen de la dolencia es muy importante y mucho m\u00e1s el proceso de resoluci\u00f3n, camino a recorrer en caso expreso de querer realizarlo el\/la afectado\/a<\/span><\/p>\n<p style=\"text-align: justify;\"><span style=\"color: #000000;\">En general las afecciones glandulares, ya hablan por s\u00ed de las personas que desarrollan este tipo de afecci\u00f3n<\/span><\/p>\n<p>http:\/\/issuu.com\/crecimientointerior\/docs\/pdf_elclientetiroideoterapiafloral.?e=18396011\/32142385<\/p>\n<hr \/>\n<h2 style=\"text-align: left;\"><span style=\"color: #000000;\"><strong>Desde la Gestalt en comunicaci\u00f3n con las Esencias Florales, tenemos: Los patrones del Movimiento y la Terapia Floral.<\/strong><\/span><\/h2>\n<p style=\"text-align: justify;\"><span style=\"color: #000000;\">En este trabajo me aprovech\u00e9 y aprovecho de mi formaci\u00f3n en terapia y filosof\u00eda gest\u00e1lticas, y adem\u00e1s de lo cursado durante varios seminarios con Ruella Frank, configuradora de este sistema de apoyo a beb\u00e9s y adultos con movimientos \u201cespec\u00edficos\u201d o, la \u201cfalta de estos\u201d<\/span><\/p>\n<p style=\"text-align: justify;\"><span style=\"color: #000000;\">Ruella Frank, neoyorkina, psic\u00f3loga y gest\u00e1ltica y, escritora de varios libros al respecto, postula que\u00a0 al ser inequ\u00edvocamente el desarrollo del beb\u00e9 (todos hemos sido beb\u00e9s), es\/fue gracias al ambiente familiar, cuna, mam\u00e1, pap\u00e1, calor, fr\u00edo, dureza, blandura, fuerza, debilidad y etc\u2026como nos sujetaron, nos soltaron, nos apoyaron (reconocernos y limitarnos), como anidamos en el \u00fatero de mam\u00e1, como ser\u00edan all\u00ed los movimientos y las tendencias a movernos o estar quiet@s, como experimentamos aquella uni\u00f3n o, desuni\u00f3n. Todo es de a dos, el contacto y la separaci\u00f3n del mismo. Como se nos cre\u00f3 el v\u00ednculo y c\u00f3mo nos desvinculamos. La cantidad de movimientos favorables y\/o desfavorables. Mejor dicho c\u00f3mo y para qu\u00e9 <strong>co-creamos<\/strong> el v\u00ednculo, los v\u00ednculos. No es cosa de un@ sol@, es cuesti\u00f3n de a dos. Seg\u00fan nos contactaron, as\u00ed contactamos y hemos de reaprender a contactar personal y socialmente y, con la vida: el trabajo, la salud, el dinero, la comida, la pareja, los hijos\u2026..muy interesante\u00a1!<\/span><\/p>\n<p>http:\/\/issuu.com\/crecimientointerior\/docs\/confeseflor.patronesmov_floresbach_?e=18396011\/32142372<\/p>\n<hr \/>\n<h2><span style=\"color: #000000;\"><strong>Los tres amores impregnado con las flores<\/strong><\/span><\/h2>\n<p style=\"text-align: justify;\"><span style=\"color: #000000;\">Aqu\u00ed trato de exponer una muy peque\u00f1a parte de lo recibido y recogido en las experiencias durante los cinco a\u00f1os de mi formaci\u00f3n en el programa SAT en s\u00e1nscrito: SER, en la escuela de Claudio Naranjo en\u00a0 Espa\u00f1a, sobre el ENEAGRAMA de la PERSONALIDAD.<\/span><\/p>\n<p style=\"text-align: justify;\"><span style=\"color: #000000;\">Tambi\u00e9n forma parte de mi trabajo cotidiano como terapeuta floral y como docente, al haberlo impregnado floralmente en los tratamientos individuales y grupales.<\/span><\/p>\n<p style=\"text-align: justify;\"><span style=\"color: #000000;\">En principio el amor es, para cada uno de nosotros algo controvertido por lo diferenciado en cada experiencia vital individual. Depende de la percepci\u00f3n, sensaci\u00f3n, sentimiento y\/o pensamiento del individuo que lo experimente o lo quiera transmitir. El amor es definido desde lo musical, lo pict\u00f3rico, lo visual, lo sentimental, lo matem\u00e1tico, apunta a tener que ver con lo bello, lo est\u00e9tico, lo \u00e9tico y armonioso, lo pr\u00e1ctico y lo fugaz.<\/span><\/p>\n<p style=\"text-align: justify;\"><span style=\"color: #000000;\">La propuesta es la siguiente, dar espacio y tiempo para construir desde un marco te\u00f3rico que m\u00e1s tarde pasa por el experimento, o sea, la experiencia del mismo, al respecto de tres afinidades amorosas, a saber:<\/span><\/p>\n<p style=\"text-align: justify;\"><span style=\"color: #000000;\"><strong>El amor admirativo, el amor compasivo, el amor er\u00f3tico.<\/strong><\/span><\/p>\n<p style=\"text-align: justify;\"><span style=\"color: #000000;\">Tendr\u00e1n que ver con <strong>los tres cerebros<\/strong>, con tres maneras de ver el mundo y el amor y, hasta la comprensi\u00f3n de ellos tres en uno solo y genuino.\u00a0 A veces \u201cnos roza\u201d, ni siquiera lo poseemos. Tengamos en cuenta que muchas de nuestras explicaciones pasan por muy diversos conceptos, sentidos, filosof\u00edas, y pueden pasar por lo anat\u00f3mico y neurofisiol\u00f3gico tambi\u00e9n, al final todo confluye y todo puede estar conexionado, a pesar de \u201caparentar ser muy distinto\u201d y\/o de \u201cno encajar-se\u201d ciencia y espiritualidad, por ejemplo.<\/span><\/p>\n<p style=\"text-align: justify;\"><span style=\"color: #000000;\">Pues, amor no es aquello que queremos sentir, si no aquello que sentimos sin querer.<\/span><\/p>\n<p>http:\/\/issuu.com\/crecimientointerior\/docs\/los_tres-amores._y_las_flores?e=18396011\/32142414<\/p>\n<hr \/>\n<p><span style=\"color: #000000;\"><img loading=\"lazy\" decoding=\"async\" class=\" size-full wp-image-673 aligncenter\" src=\"https:\/\/carmenrisueno.files.wordpress.com\/2012\/12\/separador.png\" alt=\"Separador\" width=\"282\" height=\"59\" \/><\/span><\/p>\n","protected":false},"excerpt":{"rendered":"<p>Esta incorporaci\u00f3n es para compartir una peque\u00f1a parte de mis trabajos desarrollados en estos \u00faltimos 20 a\u00f1os. La mayor\u00eda ha sido fruto de exposiciones en Colegios, Institutos, Asociaciones entre otras SEFLOR, Caps de profesorado, Biocultura, Congresos nacionales e internacionales, en mis propios cursos y seminarios y etc\u2026. \u00a0Cada uno tratar\u00e1 de un tema diferente, la &hellip; <a href=\"https:\/\/crecimientointerior.com\/index.php\/otras-disciplinas-y-esencias-florales\/\" class=\"more-link\">Seguir leyendo <span class=\"screen-reader-text\">Otras disciplinas y Esencias Florales<\/span> <span class=\"meta-nav\">&rarr;<\/span><\/a><\/p>\n","protected":false},"author":1,"featured_media":0,"parent":0,"menu_order":3,"comment_status":"closed","ping_status":"closed","template":"","meta":{"footnotes":""},"class_list":["post-877","page","type-page","status-publish","hentry"],"_links":{"self":[{"href":"https:\/\/crecimientointerior.com\/index.php\/wp-json\/wp\/v2\/pages\/877","targetHints":{"allow":["GET"]}}],"collection":[{"href":"https:\/\/crecimientointerior.com\/index.php\/wp-json\/wp\/v2\/pages"}],"about":[{"href":"https:\/\/crecimientointerior.com\/index.php\/wp-json\/wp\/v2\/types\/page"}],"author":[{"embeddable":true,"href":"https:\/\/crecimientointerior.com\/index.php\/wp-json\/wp\/v2\/users\/1"}],"replies":[{"embeddable":true,"href":"https:\/\/crecimientointerior.com\/index.php\/wp-json\/wp\/v2\/comments?post=877"}],"version-history":[{"count":0,"href":"https:\/\/crecimientointerior.com\/index.php\/wp-json\/wp\/v2\/pages\/877\/revisions"}],"wp:attachment":[{"href":"https:\/\/crecimientointerior.com\/index.php\/wp-json\/wp\/v2\/media?parent=877"}],"curies":[{"name":"wp","href":"https:\/\/api.w.org\/{rel}","templated":true}]}}

<p style="text-align: center;"><span style="color: #000000;">Esta incorporación es para compartir una pequeña parte de mis trabajos desarrollados en estos últimos 20 años. La mayoría ha sido fruto de exposiciones en Colegios, Institutos, Asociaciones entre otras SEFLOR, Caps de profesorado, Biocultura, Congresos nacionales e internacionales, en mis propios cursos y seminarios y etc….</span></p>
<p style="text-align: center;"><span style="color: #000000;"> Cada uno tratará de un tema diferente, la mayoría dejándose acompañar por la terapia floral ya que es tan flexible que se acomoda a otras disciplinas y éstas a la terapéutica floral con facilidad. La vida es flexibilidad y gusto para ir moviéndose hacia donde hemos de ir moviéndonos…La vida es fruto siempre de: la acción, el sentimiento y, la reflexión</span></p>
<hr />
<h2><span style="color: #000000;"><strong>Todo es posible en las artes curativas, Las Flores de </strong></span><span style="color: #000000;"><strong>Bach y la Grafología unidas en apoyar los cambios</strong></span></h2>
<p>La Grafoterapia Racional representa la forma más potente de neurogénesis a través de sencillos a la vez que precisos ejercicios con lo que permite la recuperación de funciones neurofisiológicas claves, serán 12 los impulsos energéticos de los trazos y, desde ahí habilitar espacio a las esencias florales, conferencia presentada en SEFLOR, en septiembre del 2017</p>
<p>Hace unos treinta y tantos años, me empleé a fondo realizando esta terapia e investigando los trazos de manera rigurosa, junto a María del Carmen Martínez Darsés (gran experta, en grafomotricidad), hasta mejorar mis dolencias patológicas y desarrollar ostensiblemente, mi salud</p>
<p>También decir que, este trabajo fue presentado en Barcelona en el último Congreso sobre terapia floral de Bach en mayo del 2017 y, organizado por SEDIBAC, asociación para el estudio y difusión de la terapia del Dr. Bach en Cataluña.</p>
<p style="text-align: center;">
<p>https://www.slideshare.net/CrecimientoInterior/congreso-2017-sedibac/CrecimientoInterior/congreso-2017-sedibac</p>
<h2 style="text-align: center;"></h2>
<hr />
<h2 style="text-align: left;"><span style="color: #000000;"><strong>La Biografía y las esencias florales.</strong></span></h2>
<p style="text-align: justify;"><span style="color: #000000;">Traté y trato de ir poniendo con mayor facilidad de cada vez, relaciones e interrelaciones entre diferentes disciplinas, ya que todo va al mismo lugar: hacer semillas de conciencia y, de un modo u otro esto es lo que cuenta. En lo que ahora nos ocupa se trata de hacer una pequeña introducción desde la Antroposofía (ciencia y filosofía configurada por Rudolf Steiner y sus fervientes seguidores, al igual que el Dr. Edward Bach. Cada uno fue desde su inquietud y deseo expreso de acompañar a la humanidad en ponérselo más sencillo para sus darse cuenta y, poder abrir a un desarrollo de vida rico y provechoso para él individuo y, para el colectivo sea cual sea la magnitud.</span></p>
<p>http://issuu.com/crecimientointerior/docs/la_biograf__a_y_las_e.florales?e=18396011/32142177</p>
<hr />
<h2 style="text-align: left;"><span style="color: #000000;"><strong>Intercambios Sexuales y las Esencias Florales.</strong></span></h2>
<p style="text-align: justify;"><span style="color: #000000;">En este trabajo quise y quiero destacar que, la sexualidad puede tener diferentes y variopintos aspectos, que no nos quedemos en lo más superficial y común, el sexo puro y duro, que también claro¡!. Sexualidad pasa, por ser y estar posicionado en su genuina agresividad, asertividad, voluntad, generosidad, en la mejor superviviencia, en la vivencia o experiencia de vida lo más cercano a su totalidad. Fuerza, empuje, arraigo, desarraigo, sin miedos, ni dudas, ni justificaciones posibles, con un exhaustivo reconocimiento de lo que tenemos desde nuestro “origen” en nuestro interior. Conocer y reconocer la ENERGIA, la energía como se mueve y como la movemos nosotr@s, eso es muy importante</span></p>
<p style="text-align: justify;"><span style="color: #000000;">A mejor reconocimiento de los “cimientos” aquí y ahora, mejor reconocimiento y experiencias del y en el  “cielo” en cada situación y en cada momento del día en el aquí y ahora, también</span></p>
<p style="text-align: justify;"><span style="color: #000000;">El dinero. El sexo. El amor. El trabajo. La creatividad. La imaginación. El conocimiento: son movimientos de las energías sexuales y sus explícitas materializaciones. Cuanto más claro todo mucho mejor, vayamos intercalando lo concreto con lo abstracto y viceversa: el árbol y el bosque</span></p>
<p>http://issuu.com/crecimientointerior/docs/intercambiosexuales?e=18396011/32142404</p>
<hr />
<h2 style="text-align: left;"><span style="color: #000000;"><strong>El Cliente Tiroideo y la terapia Floral.</strong></span></h2>
<p style="text-align: justify;"><span style="color: #000000;">Si todos y cada uno de los trabajo tienen que ver con quien los desarrolla, aquí, es aún con mayor notoriedad, pues estoy afecta de esta disfunción desde hace más de 35 años, completa en los síntomas y demás alteraciones neurovegetativas, fui tratada con recursos naturales: psicoterapia, homeopatía, moraterapia, vegetarianismo, y como no las esencias florales. Este trabajo fue llevado a un Congreso sobre GESTALT a nivel internacional, organizado por el Centro de Terapia y Psicología C.T.P. en Madrid y, a otro Congreso sobre Terapia Floral en Barcelona, organizado por Sedibac</span></p>
<p style="text-align: justify;"><span style="color: #000000;">Conozco bien esta patología y/o disfunción/es de la glándula tiroidea y sus alteraciones a niveles físico orgánicos, anímico emocionales y los registros en el pensamiento que suelen creer sus afectad@s; de ahí que los cambios a experimentar sean a todas luces muy  favorecedores del desarrollo interno del individuo/a y todo lo que desencadena a niveles espirituales</span></p>
<p style="text-align: justify;"><span style="color: #000000;">El origen de la dolencia es muy importante y mucho más el proceso de resolución, camino a recorrer en caso expreso de querer realizarlo el/la afectado/a</span></p>
<p style="text-align: justify;"><span style="color: #000000;">En general las afecciones glandulares, ya hablan por sí de las personas que desarrollan este tipo de afección</span></p>
<p>http://issuu.com/crecimientointerior/docs/pdf_elclientetiroideoterapiafloral.?e=18396011/32142385</p>
<hr />
<h2 style="text-align: left;"><span style="color: #000000;"><strong>Desde la Gestalt en comunicación con las Esencias Florales, tenemos: Los patrones del Movimiento y la Terapia Floral.</strong></span></h2>
<p style="text-align: justify;"><span style="color: #000000;">En este trabajo me aproveché y aprovecho de mi formación en terapia y filosofía gestálticas, y además de lo cursado durante varios seminarios con Ruella Frank, configuradora de este sistema de apoyo a bebés y adultos con movimientos “específicos” o, la “falta de estos”</span></p>
<p style="text-align: justify;"><span style="color: #000000;">Ruella Frank, neoyorkina, psicóloga y gestáltica y, escritora de varios libros al respecto, postula que  al ser inequívocamente el desarrollo del bebé (todos hemos sido bebés), es/fue gracias al ambiente familiar, cuna, mamá, papá, calor, frío, dureza, blandura, fuerza, debilidad y etc…como nos sujetaron, nos soltaron, nos apoyaron (reconocernos y limitarnos), como anidamos en el útero de mamá, como serían allí los movimientos y las tendencias a movernos o estar quiet@s, como experimentamos aquella unión o, desunión. Todo es de a dos, el contacto y la separación del mismo. Como se nos creó el vínculo y cómo nos desvinculamos. La cantidad de movimientos favorables y/o desfavorables. Mejor dicho cómo y para qué <strong>co-creamos</strong> el vínculo, los vínculos. No es cosa de un@ sol@, es cuestión de a dos. Según nos contactaron, así contactamos y hemos de reaprender a contactar personal y socialmente y, con la vida: el trabajo, la salud, el dinero, la comida, la pareja, los hijos…..muy interesante¡!</span></p>
<p>http://issuu.com/crecimientointerior/docs/confeseflor.patronesmov_floresbach_?e=18396011/32142372</p>
<hr />
<h2><span style="color: #000000;"><strong>Los tres amores impregnado con las flores</strong></span></h2>
<p style="text-align: justify;"><span style="color: #000000;">Aquí trato de exponer una muy pequeña parte de lo recibido y recogido en las experiencias durante los cinco años de mi formación en el programa SAT en sánscrito: SER, en la escuela de Claudio Naranjo en  España, sobre el ENEAGRAMA de la PERSONALIDAD.</span></p>
<p style="text-align: justify;"><span style="color: #000000;">También forma parte de mi trabajo cotidiano como terapeuta floral y como docente, al haberlo impregnado floralmente en los tratamientos individuales y grupales.</span></p>
<p style="text-align: justify;"><span style="color: #000000;">En principio el amor es, para cada uno de nosotros algo controvertido por lo diferenciado en cada experiencia vital individual. Depende de la percepción, sensación, sentimiento y/o pensamiento del individuo que lo experimente o lo quiera transmitir. El amor es definido desde lo musical, lo pictórico, lo visual, lo sentimental, lo matemático, apunta a tener que ver con lo bello, lo estético, lo ético y armonioso, lo práctico y lo fugaz.</span></p>
<p style="text-align: justify;"><span style="color: #000000;">La propuesta es la siguiente, dar espacio y tiempo para construir desde un marco teórico que más tarde pasa por el experimento, o sea, la experiencia del mismo, al respecto de tres afinidades amorosas, a saber:</span></p>
<p style="text-align: justify;"><span style="color: #000000;"><strong>El amor admirativo, el amor compasivo, el amor erótico.</strong></span></p>
<p style="text-align: justify;"><span style="color: #000000;">Tendrán que ver con <strong>los tres cerebros</strong>, con tres maneras de ver el mundo y el amor y, hasta la comprensión de ellos tres en uno solo y genuino.  A veces “nos roza”, ni siquiera lo poseemos. Tengamos en cuenta que muchas de nuestras explicaciones pasan por muy diversos conceptos, sentidos, filosofías, y pueden pasar por lo anatómico y neurofisiológico también, al final todo confluye y todo puede estar conexionado, a pesar de “aparentar ser muy distinto” y/o de “no encajar-se” ciencia y espiritualidad, por ejemplo.</span></p>
<p style="text-align: justify;"><span style="color: #000000;">Pues, amor no es aquello que queremos sentir, si no aquello que sentimos sin querer.</span></p>
<p>http://issuu.com/crecimientointerior/docs/los_tres-amores._y_las_flores?e=18396011/32142414</p>
<hr />
<p><span style="color: #000000;"><img loading="lazy" decoding="async" class=" size-full wp-image-673 aligncenter" src="https://carmenrisueno.files.wordpress.com/2012/12/separador.png" alt="Separador" width="282" height="59" /></span></p>

<p>Esta incorporación es para compartir una pequeña parte de mis trabajos desarrollados en estos últimos 20 años. La mayoría ha sido fruto de exposiciones en Colegios, Institutos, Asociaciones entre otras SEFLOR, Caps de profesorado, Biocultura, Congresos nacionales e internacionales, en mis propios cursos y seminarios y etc….  Cada uno tratará de un tema diferente, la &hellip; <a href="https://crecimientointerior.com/index.php/otras-disciplinas-y-esencias-florales/" class="more-link">Seguir leyendo <span class="screen-reader-text">Otras disciplinas y Esencias Florales</span> <span class="meta-nav">&rarr;</span></a></p>
