{"id":1666,"date":"2023-11-20T20:03:39","date_gmt":"2023-11-20T19:03:39","guid":{"rendered":"https:\/\/crecimientointerior.com\/?page_id=1666"},"modified":"2023-11-20T20:05:21","modified_gmt":"2023-11-20T19:05:21","slug":"apoyo-a-la-dignidad-humana","status":"publish","type":"page","link":"https:\/\/crecimientointerior.com\/index.php\/apoyo-a-la-dignidad-humana\/","title":{"rendered":"Apoyo a la dignidad humana"},"content":{"rendered":"<style>.kb-row-layout-id1666_513348-c4 > .kt-row-column-wrap{align-content:start;}:where(.kb-row-layout-id1666_513348-c4 > .kt-row-column-wrap) > .wp-block-kadence-column{justify-content:start;}.kb-row-layout-id1666_513348-c4 > .kt-row-column-wrap{column-gap:var(--global-kb-gap-md, 2rem);row-gap:var(--global-kb-gap-md, 2rem);padding-top:var(--global-kb-spacing-sm, 1.5rem);padding-bottom:var(--global-kb-spacing-sm, 1.5rem);grid-template-columns:minmax(0, 1fr);}.kb-row-layout-id1666_513348-c4 > .kt-row-layout-overlay{opacity:0.30;}@media all and (max-width: 1024px){.kb-row-layout-id1666_513348-c4 > .kt-row-column-wrap{grid-template-columns:minmax(0, 1fr);}}@media all and (max-width: 767px){.kb-row-layout-id1666_513348-c4 > .kt-row-column-wrap{grid-template-columns:minmax(0, 1fr);}}p{  font-family: Calibri;  text-align: justify;  line-height: 110%;  color:black;}<\/style><div class=\"kb-row-layout-wrap kb-row-layout-id1666_513348-c4 alignnone wp-block-kadence-rowlayout\"><div class=\"kt-row-column-wrap kt-has-1-columns kt-row-layout-equal kt-tab-layout-inherit kt-mobile-layout-row kt-row-valign-top\">\n<style>.kadence-column1666_514ae5-a6 > .kt-inside-inner-col,.kadence-column1666_514ae5-a6 > .kt-inside-inner-col:before{border-top-left-radius:0px;border-top-right-radius:0px;border-bottom-right-radius:0px;border-bottom-left-radius:0px;}.kadence-column1666_514ae5-a6 > .kt-inside-inner-col{column-gap:var(--global-kb-gap-sm, 1rem);}.kadence-column1666_514ae5-a6 > .kt-inside-inner-col{flex-direction:column;}.kadence-column1666_514ae5-a6 > .kt-inside-inner-col > .aligncenter{width:100%;}.kadence-column1666_514ae5-a6 > .kt-inside-inner-col:before{opacity:0.3;}.kadence-column1666_514ae5-a6{position:relative;}@media all and (max-width: 1024px){.kadence-column1666_514ae5-a6 > .kt-inside-inner-col{flex-direction:column;justify-content:center;}}@media all and (max-width: 767px){.kadence-column1666_514ae5-a6 > .kt-inside-inner-col{flex-direction:column;justify-content:center;}}<\/style>\n<div class=\"wp-block-kadence-column kadence-column1666_514ae5-a6\"><div class=\"kt-inside-inner-col\"><style>.kb-row-layout-id1666_729c50-7d > .kt-row-column-wrap{align-content:start;}:where(.kb-row-layout-id1666_729c50-7d > .kt-row-column-wrap) > .wp-block-kadence-column{justify-content:start;}.kb-row-layout-id1666_729c50-7d > .kt-row-column-wrap{column-gap:var(--global-kb-gap-none, 0rem );row-gap:var(--global-kb-gap-none, 0rem );padding-top:var(--global-kb-spacing-sm, 1.5rem);grid-template-columns:minmax(0, calc(60% - ((var(--global-kb-gap-none, 0rem ) * 1 )\/2)))minmax(0, calc(40% - ((var(--global-kb-gap-none, 0rem ) * 1 )\/2)));}.kb-row-layout-id1666_729c50-7d > .kt-row-layout-overlay{opacity:0.30;}@media all and (max-width: 1024px){.kb-row-layout-id1666_729c50-7d > .kt-row-column-wrap{grid-template-columns:repeat(2, minmax(0, 1fr));}}@media all and (max-width: 767px){.kb-row-layout-id1666_729c50-7d > .kt-row-column-wrap{grid-template-columns:minmax(0, 1fr);}}<\/style><div class=\"kb-row-layout-wrap kb-row-layout-id1666_729c50-7d alignnone wp-block-kadence-rowlayout\"><div class=\"kt-row-column-wrap kt-has-2-columns kt-row-layout-equal kt-tab-layout-inherit kt-mobile-layout-row kt-row-valign-top\">\n<style>.kadence-column1666_f1e550-54 > .kt-inside-inner-col,.kadence-column1666_f1e550-54 > .kt-inside-inner-col:before{border-top-left-radius:0px;border-top-right-radius:0px;border-bottom-right-radius:0px;border-bottom-left-radius:0px;}.kadence-column1666_f1e550-54 > .kt-inside-inner-col{column-gap:var(--global-kb-gap-sm, 1rem);}.kadence-column1666_f1e550-54 > .kt-inside-inner-col{flex-direction:column;}.kadence-column1666_f1e550-54 > .kt-inside-inner-col > .aligncenter{width:100%;}.kadence-column1666_f1e550-54 > .kt-inside-inner-col:before{opacity:0.3;}.kadence-column1666_f1e550-54{position:relative;}@media all and (max-width: 1024px){.kadence-column1666_f1e550-54 > .kt-inside-inner-col{flex-direction:column;justify-content:center;}}@media all and (max-width: 767px){.kadence-column1666_f1e550-54 > .kt-inside-inner-col{flex-direction:column;justify-content:center;}}<\/style>\n<div class=\"wp-block-kadence-column kadence-column1666_f1e550-54\"><div class=\"kt-inside-inner-col\">\n<p style=\"font-size:18px\"><strong>Desde la Asociaci\u00f3n Espa\u00f1ola de Terapia Gestalt: A.E.T.G.<\/strong><\/p>\n<\/div><\/div>\n\n\n<style>.kadence-column1666_1397f0-93 > .kt-inside-inner-col,.kadence-column1666_1397f0-93 > .kt-inside-inner-col:before{border-top-left-radius:0px;border-top-right-radius:0px;border-bottom-right-radius:0px;border-bottom-left-radius:0px;}.kadence-column1666_1397f0-93 > .kt-inside-inner-col{column-gap:var(--global-kb-gap-sm, 1rem);}.kadence-column1666_1397f0-93 > .kt-inside-inner-col{flex-direction:column;}.kadence-column1666_1397f0-93 > .kt-inside-inner-col > .aligncenter{width:100%;}.kadence-column1666_1397f0-93 > .kt-inside-inner-col:before{opacity:0.3;}.kadence-column1666_1397f0-93{position:relative;}@media all and (max-width: 1024px){.kadence-column1666_1397f0-93 > .kt-inside-inner-col{flex-direction:column;justify-content:center;}}@media all and (max-width: 767px){.kadence-column1666_1397f0-93 > .kt-inside-inner-col{flex-direction:column;justify-content:center;}}<\/style>\n<div class=\"wp-block-kadence-column kadence-column1666_1397f0-93\"><div class=\"kt-inside-inner-col\">\n<figure class=\"wp-block-image size-full is-resized\"><img loading=\"lazy\" decoding=\"async\" width=\"514\" height=\"286\" src=\"https:\/\/crecimientointerior.com\/wp-content\/uploads\/2023\/11\/ass.png\" alt=\"\" class=\"wp-image-1667\" style=\"width:189px;height:auto\" srcset=\"https:\/\/crecimientointerior.com\/wp-content\/uploads\/2023\/11\/ass.png 514w, https:\/\/crecimientointerior.com\/wp-content\/uploads\/2023\/11\/ass-300x167.png 300w, https:\/\/crecimientointerior.com\/wp-content\/uploads\/2023\/11\/ass-270x150.png 270w\" sizes=\"auto, (max-width: 514px) 100vw, 514px\" \/><\/figure>\n<\/div><\/div>\n\n<\/div><\/div>\n\n\n<p><strong>\u00bfCu\u00e1l es el \u00abestado de salud\u00bb de la Gestalt en Europa?<\/strong><\/p>\n\n\n\n<p>Es diferente en los distintos pa\u00edses, dependiendo de las caracter\u00edsticas hist\u00f3ricas y pol\u00edticas espec\u00edficas. En Italia, por ejemplo, es una modalidad con buena reputaci\u00f3n y los institutos de formaci\u00f3n [en Terapia Gestalt] est\u00e1n reconocidos por el Ministerio de Universidad e Investigaci\u00f3n. Esta situaci\u00f3n es el resultado de un largo y acertado trabajo pol\u00edtico. En otros pa\u00edses la Terapia Gestalt no es una de las modalidades reconocidas por los servicios p\u00fablicos y los gobiernos, y esto es una pena. Por lo tanto, pol\u00edticamente la situaci\u00f3n no es f\u00e1cil y esto puede afectar a los programas de formaci\u00f3n y a la pertenencia de la Terapia Gestalt al campo m\u00e1s amplio de la psicoterapia. Por otro lado, la Terapia Gestalt parece gozar de muy buena salud: las publicaciones cient\u00edficas han aumentado mucho en las dos \u00faltimas d\u00e9cadas, as\u00ed como el di\u00e1logo con otras modalidades [terap\u00e9uticas]. Por lo que puedo ver, la Terapia Gestalt goza de buena salud en Espa\u00f1a, teniendo en cuenta el n\u00famero de colegas y estudiantes, pero parece que hace falta algo de trabajo para formar parte de la comunidad profesional de la psicoterapia. De todas formas, cuando me encuentro con gente de Espa\u00f1a en mis talleres, me impresiona la calidad de su trabajo y el grado de su inter\u00e9s: \u00a1sin duda un signo de vitalidad!<\/p>\n\n\n\n<p><strong>Tomando como referencia tu experiencia, \u00bfd\u00f3nde pondr\u00edas los l\u00edmites para definir lo que es un terapeuta Gestalt?<\/strong><\/p>\n\n\n\n<p>Un terapeuta Gestalt es un profesional altamente especializado capaz de apoyar el surgimiento y desarrollo de la experiencia. Somos terapeutas de la Gestaltung, es decir, del proceso de creaci\u00f3n de la experiencia en el l\u00edmite del contacto. En este sentido, los terapeutas Gestalt somos artistas de la presencia.&nbsp;<\/p>\n\n\n\n<p><strong>Parece que la sociedad est\u00e1 cambiando la forma de relacionarnos, alterando nuestra relaci\u00f3n con los dem\u00e1s. Est\u00e1n apareciendo nuevas patolog\u00edas e incluso la salud mental tiene un mayor protagonismo. \u00bfQu\u00e9 papel puede jugar la Gestalt en este nuevo escenario?<\/strong><\/p>\n\n\n\n<p>La Gestalt tiene en su ADN la sensibilidad al terreno social: estamos entrenados en considerar cada acontecimiento como una figura emergente sobre un fondo. As\u00ed podemos entender los sufrimientos individuales como expresi\u00f3n de fen\u00f3menos sociales y -rec\u00edprocamente- podemos entender lo que est\u00e1 pasando en la sociedad escuchando a nuestros pacientes. Tenemos un paradigma privilegiado para mirar la compleja relaci\u00f3n entre individuos y comunidades, y podemos jugar -y supongo que estamos jugando- un papel importante en este escenario.&nbsp;<\/p>\n\n\n\n<p><strong>La terapia Gestalt no puede permanecer al margen de todo lo que ocurre a nuestro alrededor. \u00bfCu\u00e1les son los retos de la Gestalt a corto plazo?<\/strong><\/p>\n\n\n\n<p>Ser conscientes de este planeta en llamas, de los problemas ecol\u00f3gicos y de las guerras, parece el primer aspecto importante. Y utilizar nuestra sabidur\u00eda para conectar con personas con la misma sensibilidad es otro elemento crucial: no podemos resolver individualmente nuestros problemas colectivos. Tambi\u00e9n a\u00f1adir\u00eda que un poco de fe bondadosa puede ser un gran ingrediente en este escenario: tenemos una distorsi\u00f3n perceptiva de los problemas planetarios, como escrib\u00ed en el prefacio del libro \u00abApoyar la dignidad humana en un campo que se derrumba\u00bb. Hay grandes problemas, debemos ser conscientes de ellos y conectarnos para afrontarlos\u2026 y al mismo tiempo la investigaci\u00f3n demuestra que el mundo es mejor de lo que lo percibimos.<\/p>\n\n\n\n<p><strong>\u00bfQu\u00e9 oportunidades nos ofrece el Congreso Europeo de Gestalt que se celebrar\u00e1 este a\u00f1o en Madrid?<\/strong><\/p>\n\n\n\n<p>\u00a1Muchas oportunidades! Despu\u00e9s de tres a\u00f1os de pandemia es una oportunidad de conocernos personalmente, de disfrutar de nuestra presencia y contacto mutuos. As\u00ed que es, ante todo, una oportunidad de crecimiento personal y diversi\u00f3n. \u00a1Y no pod\u00edamos encontrar un lugar mejor en Europa que Madrid! &nbsp;<\/p>\n\n\n\n<p>Las conferencias de la EAGT siempre son una oportunidad fruct\u00edfera para fomentar nuestra comunidad internacional, para seguir desarrollando nuestras conexiones y nuestra pertenencia. Y viceversa, es una oportunidad para contribuir al desarrollo de nuestra modalidad [terap\u00e9utica], creando juntos un rico evento en una comunidad de ense\u00f1anza-aprendizaje, con alegres exploraciones de nuevas direcciones. As\u00ed que&#8230; \u00a1encontr\u00e9monos en Madrid!<br>&nbsp;<\/p>\n\n\n\n<p><em>*Psiquiatra y psicoterapeuta Gestalt,&nbsp;<strong>Gianni Francesetti*<\/strong><\/em><em><\/em><\/p>\n<\/div><\/div>\n\n<\/div><\/div>","protected":false},"excerpt":{"rendered":"<p>Desde la Asociaci\u00f3n Espa\u00f1ola de Terapia Gestalt: A.E.T.G. \u00bfCu\u00e1l es el \u00abestado de salud\u00bb de la Gestalt en Europa? Es diferente en los distintos pa\u00edses, dependiendo de las caracter\u00edsticas hist\u00f3ricas y pol\u00edticas espec\u00edficas. En Italia, por ejemplo, es una modalidad con buena reputaci\u00f3n y los institutos de formaci\u00f3n [en Terapia Gestalt] est\u00e1n reconocidos por el &hellip; <a href=\"https:\/\/crecimientointerior.com\/index.php\/apoyo-a-la-dignidad-humana\/\" class=\"more-link\">Seguir leyendo <span class=\"screen-reader-text\">Apoyo a la dignidad humana<\/span> <span class=\"meta-nav\">&rarr;<\/span><\/a><\/p>\n","protected":false},"author":1,"featured_media":0,"parent":0,"menu_order":0,"comment_status":"closed","ping_status":"closed","template":"","meta":{"footnotes":""},"class_list":["post-1666","page","type-page","status-publish","hentry"],"_links":{"self":[{"href":"https:\/\/crecimientointerior.com\/index.php\/wp-json\/wp\/v2\/pages\/1666","targetHints":{"allow":["GET"]}}],"collection":[{"href":"https:\/\/crecimientointerior.com\/index.php\/wp-json\/wp\/v2\/pages"}],"about":[{"href":"https:\/\/crecimientointerior.com\/index.php\/wp-json\/wp\/v2\/types\/page"}],"author":[{"embeddable":true,"href":"https:\/\/crecimientointerior.com\/index.php\/wp-json\/wp\/v2\/users\/1"}],"replies":[{"embeddable":true,"href":"https:\/\/crecimientointerior.com\/index.php\/wp-json\/wp\/v2\/comments?post=1666"}],"version-history":[{"count":0,"href":"https:\/\/crecimientointerior.com\/index.php\/wp-json\/wp\/v2\/pages\/1666\/revisions"}],"wp:attachment":[{"href":"https:\/\/crecimientointerior.com\/index.php\/wp-json\/wp\/v2\/media?parent=1666"}],"curies":[{"name":"wp","href":"https:\/\/api.w.org\/{rel}","templated":true}]}}

<style>.kb-row-layout-id1666_513348-c4 > .kt-row-column-wrap{align-content:start;}:where(.kb-row-layout-id1666_513348-c4 > .kt-row-column-wrap) > .wp-block-kadence-column{justify-content:start;}.kb-row-layout-id1666_513348-c4 > .kt-row-column-wrap{column-gap:var(--global-kb-gap-md, 2rem);row-gap:var(--global-kb-gap-md, 2rem);padding-top:var(--global-kb-spacing-sm, 1.5rem);padding-bottom:var(--global-kb-spacing-sm, 1.5rem);grid-template-columns:minmax(0, 1fr);}.kb-row-layout-id1666_513348-c4 > .kt-row-layout-overlay{opacity:0.30;}@media all and (max-width: 1024px){.kb-row-layout-id1666_513348-c4 > .kt-row-column-wrap{grid-template-columns:minmax(0, 1fr);}}@media all and (max-width: 767px){.kb-row-layout-id1666_513348-c4 > .kt-row-column-wrap{grid-template-columns:minmax(0, 1fr);}}p{  font-family: Calibri;  text-align: justify;  line-height: 110%;  color:black;}</style><div class="kb-row-layout-wrap kb-row-layout-id1666_513348-c4 alignnone wp-block-kadence-rowlayout"><div class="kt-row-column-wrap kt-has-1-columns kt-row-layout-equal kt-tab-layout-inherit kt-mobile-layout-row kt-row-valign-top">
<style>.kadence-column1666_514ae5-a6 > .kt-inside-inner-col,.kadence-column1666_514ae5-a6 > .kt-inside-inner-col:before{border-top-left-radius:0px;border-top-right-radius:0px;border-bottom-right-radius:0px;border-bottom-left-radius:0px;}.kadence-column1666_514ae5-a6 > .kt-inside-inner-col{column-gap:var(--global-kb-gap-sm, 1rem);}.kadence-column1666_514ae5-a6 > .kt-inside-inner-col{flex-direction:column;}.kadence-column1666_514ae5-a6 > .kt-inside-inner-col > .aligncenter{width:100%;}.kadence-column1666_514ae5-a6 > .kt-inside-inner-col:before{opacity:0.3;}.kadence-column1666_514ae5-a6{position:relative;}@media all and (max-width: 1024px){.kadence-column1666_514ae5-a6 > .kt-inside-inner-col{flex-direction:column;justify-content:center;}}@media all and (max-width: 767px){.kadence-column1666_514ae5-a6 > .kt-inside-inner-col{flex-direction:column;justify-content:center;}}</style>
<div class="wp-block-kadence-column kadence-column1666_514ae5-a6"><div class="kt-inside-inner-col"><style>.kb-row-layout-id1666_729c50-7d > .kt-row-column-wrap{align-content:start;}:where(.kb-row-layout-id1666_729c50-7d > .kt-row-column-wrap) > .wp-block-kadence-column{justify-content:start;}.kb-row-layout-id1666_729c50-7d > .kt-row-column-wrap{column-gap:var(--global-kb-gap-none, 0rem );row-gap:var(--global-kb-gap-none, 0rem );padding-top:var(--global-kb-spacing-sm, 1.5rem);grid-template-columns:minmax(0, calc(60% - ((var(--global-kb-gap-none, 0rem ) * 1 )/2)))minmax(0, calc(40% - ((var(--global-kb-gap-none, 0rem ) * 1 )/2)));}.kb-row-layout-id1666_729c50-7d > .kt-row-layout-overlay{opacity:0.30;}@media all and (max-width: 1024px){.kb-row-layout-id1666_729c50-7d > .kt-row-column-wrap{grid-template-columns:repeat(2, minmax(0, 1fr));}}@media all and (max-width: 767px){.kb-row-layout-id1666_729c50-7d > .kt-row-column-wrap{grid-template-columns:minmax(0, 1fr);}}</style><div class="kb-row-layout-wrap kb-row-layout-id1666_729c50-7d alignnone wp-block-kadence-rowlayout"><div class="kt-row-column-wrap kt-has-2-columns kt-row-layout-equal kt-tab-layout-inherit kt-mobile-layout-row kt-row-valign-top">
<style>.kadence-column1666_f1e550-54 > .kt-inside-inner-col,.kadence-column1666_f1e550-54 > .kt-inside-inner-col:before{border-top-left-radius:0px;border-top-right-radius:0px;border-bottom-right-radius:0px;border-bottom-left-radius:0px;}.kadence-column1666_f1e550-54 > .kt-inside-inner-col{column-gap:var(--global-kb-gap-sm, 1rem);}.kadence-column1666_f1e550-54 > .kt-inside-inner-col{flex-direction:column;}.kadence-column1666_f1e550-54 > .kt-inside-inner-col > .aligncenter{width:100%;}.kadence-column1666_f1e550-54 > .kt-inside-inner-col:before{opacity:0.3;}.kadence-column1666_f1e550-54{position:relative;}@media all and (max-width: 1024px){.kadence-column1666_f1e550-54 > .kt-inside-inner-col{flex-direction:column;justify-content:center;}}@media all and (max-width: 767px){.kadence-column1666_f1e550-54 > .kt-inside-inner-col{flex-direction:column;justify-content:center;}}</style>
<div class="wp-block-kadence-column kadence-column1666_f1e550-54"><div class="kt-inside-inner-col">
<p style="font-size:18px"><strong>Desde la Asociación Española de Terapia Gestalt: A.E.T.G.</strong></p>
</div></div>


<style>.kadence-column1666_1397f0-93 > .kt-inside-inner-col,.kadence-column1666_1397f0-93 > .kt-inside-inner-col:before{border-top-left-radius:0px;border-top-right-radius:0px;border-bottom-right-radius:0px;border-bottom-left-radius:0px;}.kadence-column1666_1397f0-93 > .kt-inside-inner-col{column-gap:var(--global-kb-gap-sm, 1rem);}.kadence-column1666_1397f0-93 > .kt-inside-inner-col{flex-direction:column;}.kadence-column1666_1397f0-93 > .kt-inside-inner-col > .aligncenter{width:100%;}.kadence-column1666_1397f0-93 > .kt-inside-inner-col:before{opacity:0.3;}.kadence-column1666_1397f0-93{position:relative;}@media all and (max-width: 1024px){.kadence-column1666_1397f0-93 > .kt-inside-inner-col{flex-direction:column;justify-content:center;}}@media all and (max-width: 767px){.kadence-column1666_1397f0-93 > .kt-inside-inner-col{flex-direction:column;justify-content:center;}}</style>
<div class="wp-block-kadence-column kadence-column1666_1397f0-93"><div class="kt-inside-inner-col">
<figure class="wp-block-image size-full is-resized"><img loading="lazy" decoding="async" width="514" height="286" src="https://crecimientointerior.com/wp-content/uploads/2023/11/ass.png" alt="" class="wp-image-1667" style="width:189px;height:auto" srcset="https://crecimientointerior.com/wp-content/uploads/2023/11/ass.png 514w, https://crecimientointerior.com/wp-content/uploads/2023/11/ass-300x167.png 300w, https://crecimientointerior.com/wp-content/uploads/2023/11/ass-270x150.png 270w" sizes="auto, (max-width: 514px) 100vw, 514px" /></figure>
</div></div>

</div></div>


<p><strong>¿Cuál es el «estado de salud» de la Gestalt en Europa?</strong></p>



<p>Es diferente en los distintos países, dependiendo de las características históricas y políticas específicas. En Italia, por ejemplo, es una modalidad con buena reputación y los institutos de formación [en Terapia Gestalt] están reconocidos por el Ministerio de Universidad e Investigación. Esta situación es el resultado de un largo y acertado trabajo político. En otros países la Terapia Gestalt no es una de las modalidades reconocidas por los servicios públicos y los gobiernos, y esto es una pena. Por lo tanto, políticamente la situación no es fácil y esto puede afectar a los programas de formación y a la pertenencia de la Terapia Gestalt al campo más amplio de la psicoterapia. Por otro lado, la Terapia Gestalt parece gozar de muy buena salud: las publicaciones científicas han aumentado mucho en las dos últimas décadas, así como el diálogo con otras modalidades [terapéuticas]. Por lo que puedo ver, la Terapia Gestalt goza de buena salud en España, teniendo en cuenta el número de colegas y estudiantes, pero parece que hace falta algo de trabajo para formar parte de la comunidad profesional de la psicoterapia. De todas formas, cuando me encuentro con gente de España en mis talleres, me impresiona la calidad de su trabajo y el grado de su interés: ¡sin duda un signo de vitalidad!</p>



<p><strong>Tomando como referencia tu experiencia, ¿dónde pondrías los límites para definir lo que es un terapeuta Gestalt?</strong></p>



<p>Un terapeuta Gestalt es un profesional altamente especializado capaz de apoyar el surgimiento y desarrollo de la experiencia. Somos terapeutas de la Gestaltung, es decir, del proceso de creación de la experiencia en el límite del contacto. En este sentido, los terapeutas Gestalt somos artistas de la presencia.&nbsp;</p>



<p><strong>Parece que la sociedad está cambiando la forma de relacionarnos, alterando nuestra relación con los demás. Están apareciendo nuevas patologías e incluso la salud mental tiene un mayor protagonismo. ¿Qué papel puede jugar la Gestalt en este nuevo escenario?</strong></p>



<p>La Gestalt tiene en su ADN la sensibilidad al terreno social: estamos entrenados en considerar cada acontecimiento como una figura emergente sobre un fondo. Así podemos entender los sufrimientos individuales como expresión de fenómenos sociales y -recíprocamente- podemos entender lo que está pasando en la sociedad escuchando a nuestros pacientes. Tenemos un paradigma privilegiado para mirar la compleja relación entre individuos y comunidades, y podemos jugar -y supongo que estamos jugando- un papel importante en este escenario.&nbsp;</p>



<p><strong>La terapia Gestalt no puede permanecer al margen de todo lo que ocurre a nuestro alrededor. ¿Cuáles son los retos de la Gestalt a corto plazo?</strong></p>



<p>Ser conscientes de este planeta en llamas, de los problemas ecológicos y de las guerras, parece el primer aspecto importante. Y utilizar nuestra sabiduría para conectar con personas con la misma sensibilidad es otro elemento crucial: no podemos resolver individualmente nuestros problemas colectivos. También añadiría que un poco de fe bondadosa puede ser un gran ingrediente en este escenario: tenemos una distorsión perceptiva de los problemas planetarios, como escribí en el prefacio del libro «Apoyar la dignidad humana en un campo que se derrumba». Hay grandes problemas, debemos ser conscientes de ellos y conectarnos para afrontarlos… y al mismo tiempo la investigación demuestra que el mundo es mejor de lo que lo percibimos.</p>



<p><strong>¿Qué oportunidades nos ofrece el Congreso Europeo de Gestalt que se celebrará este año en Madrid?</strong></p>



<p>¡Muchas oportunidades! Después de tres años de pandemia es una oportunidad de conocernos personalmente, de disfrutar de nuestra presencia y contacto mutuos. Así que es, ante todo, una oportunidad de crecimiento personal y diversión. ¡Y no podíamos encontrar un lugar mejor en Europa que Madrid! &nbsp;</p>



<p>Las conferencias de la EAGT siempre son una oportunidad fructífera para fomentar nuestra comunidad internacional, para seguir desarrollando nuestras conexiones y nuestra pertenencia. Y viceversa, es una oportunidad para contribuir al desarrollo de nuestra modalidad [terapéutica], creando juntos un rico evento en una comunidad de enseñanza-aprendizaje, con alegres exploraciones de nuevas direcciones. Así que&#8230; ¡encontrémonos en Madrid!<br>&nbsp;</p>



<p><em>*Psiquiatra y psicoterapeuta Gestalt,&nbsp;<strong>Gianni Francesetti*</strong></em><em></em></p>
</div></div>

</div></div>

<p>Desde la Asociación Española de Terapia Gestalt: A.E.T.G. ¿Cuál es el «estado de salud» de la Gestalt en Europa? Es diferente en los distintos países, dependiendo de las características históricas y políticas específicas. En Italia, por ejemplo, es una modalidad con buena reputación y los institutos de formación [en Terapia Gestalt] están reconocidos por el &hellip; <a href="https://crecimientointerior.com/index.php/apoyo-a-la-dignidad-humana/" class="more-link">Seguir leyendo <span class="screen-reader-text">Apoyo a la dignidad humana</span> <span class="meta-nav">&rarr;</span></a></p>
