{"id":1156,"date":"2017-01-27T11:36:23","date_gmt":"2017-01-27T10:36:23","guid":{"rendered":"http:\/\/crecimientointerior.com\/?page_id=1156"},"modified":"2023-10-18T00:50:45","modified_gmt":"2023-10-17T22:50:45","slug":"las-comidas-y-sus-relaciones-con-los-eneatipos-del-eneagrama-de-la-personalidad","status":"publish","type":"page","link":"https:\/\/crecimientointerior.com\/index.php\/eneagrama-de-la-personalidad\/las-comidas-y-sus-relaciones-con-los-eneatipos-del-eneagrama-de-la-personalidad\/","title":{"rendered":"Las comidas y sus relaciones con los eneatipos del Eneagrama de la personalidad"},"content":{"rendered":"<p style=\"text-align: justify;\">Este trabajo se dio a conocer en la Asociaci\u00f3n de Terapeutas Florales en Madrid y por las fechas \u201cNavide\u00f1as\u201d del 2016. Fue inspirador el ser conocedora del c\u00f3mo, donde, cuando, desde donde y, para que\u2026comemos y del modo en que comemos y, nos alimentamos cada ser humano, es m\u00e1s, tambi\u00e9n lo podemos observar en animales sobre todo los \u201cdom\u00e9sticos\u201d, ya que est\u00e1n muy cerca de nosotros, hasta algunos se encuentran \u201cdomesticados\u201d\u2026 y, ya se conoce que ellos tienen como nosotros, algunas \u201cneuronas espejo\u201d (Giacomo Rizolatti, A\u00f1o 1996)<\/p>\n<p style=\"text-align: justify;\">La sugerencia, est\u00e1 en poder hallar el origen del conflicto original de cada tipo de personalidad o eneatipo &#8211; \u00a0eneagram\u00e1tico, y desde ah\u00ed construir una manera saludable de darse el alimento, sin m\u00e1scaras, ni temores, ni desaveniencias con su pasado ni dolencias a\u00f1adidas que vayan a \u201cmermar\u201d credibilidad a su presente<\/p>\n<p style=\"text-align: justify;\">Ni que decir tiene que, su verdad en cuanto a la alimentaci\u00f3n, tendr\u00e1 y mucho que ver con el alimento que recibi\u00f3 en su profunda y tierna infancia, de quien, cuando, donde, como y, desde donde la persona lo experimenta, lo interioriza y lo extiende como genuino, sin la transformaci\u00f3n adecuada a <strong>la vivencia del HOY<\/strong>, el presente verdadero y, elegido desde una conciencia amplia, limpia, flexible y libre de errores y manifestaciones inadecuadas, un estar y ser desde lo original, o sea, conectado con el origen y formateando estrategias rehabilitadas\u00a0 en adecuaci\u00f3n y ecuanimidad profunda<\/p>\n<p style=\"text-align: justify;\">Una propuesta divertida y experiencial que puede favorecer \u201cmucha luz\u201d a seg\u00fan quienes lo\u00a0 necesiten\u2026<\/p>\n<p style=\"text-align: justify;\">Ojal\u00e1 te lo disfrutes y quieras acercarte a conocerte no m\u00e1s, sino mejor, ser\u00e1s feliz y due\u00f1o de tu historia.<\/p>\n<p style=\"text-align: center;\">\n<p><strong>Carmen Risue\u00f1o Izquierdo-Seflor Diciembre-2016<\/strong><\/p>\n","protected":false},"excerpt":{"rendered":"<p>Este trabajo se dio a conocer en la Asociaci\u00f3n de Terapeutas Florales en Madrid y por las fechas \u201cNavide\u00f1as\u201d del 2016. Fue inspirador el ser conocedora del c\u00f3mo, donde, cuando, desde donde y, para que\u2026comemos y del modo en que comemos y, nos alimentamos cada ser humano, es m\u00e1s, tambi\u00e9n lo podemos observar en animales &hellip; <a href=\"https:\/\/crecimientointerior.com\/index.php\/eneagrama-de-la-personalidad\/las-comidas-y-sus-relaciones-con-los-eneatipos-del-eneagrama-de-la-personalidad\/\" class=\"more-link\">Seguir leyendo <span class=\"screen-reader-text\">Las comidas y sus relaciones con los eneatipos del Eneagrama de la personalidad<\/span> <span class=\"meta-nav\">&rarr;<\/span><\/a><\/p>\n","protected":false},"author":1,"featured_media":0,"parent":889,"menu_order":5,"comment_status":"closed","ping_status":"closed","template":"","meta":{"footnotes":""},"class_list":["post-1156","page","type-page","status-publish","hentry"],"_links":{"self":[{"href":"https:\/\/crecimientointerior.com\/index.php\/wp-json\/wp\/v2\/pages\/1156","targetHints":{"allow":["GET"]}}],"collection":[{"href":"https:\/\/crecimientointerior.com\/index.php\/wp-json\/wp\/v2\/pages"}],"about":[{"href":"https:\/\/crecimientointerior.com\/index.php\/wp-json\/wp\/v2\/types\/page"}],"author":[{"embeddable":true,"href":"https:\/\/crecimientointerior.com\/index.php\/wp-json\/wp\/v2\/users\/1"}],"replies":[{"embeddable":true,"href":"https:\/\/crecimientointerior.com\/index.php\/wp-json\/wp\/v2\/comments?post=1156"}],"version-history":[{"count":0,"href":"https:\/\/crecimientointerior.com\/index.php\/wp-json\/wp\/v2\/pages\/1156\/revisions"}],"up":[{"embeddable":true,"href":"https:\/\/crecimientointerior.com\/index.php\/wp-json\/wp\/v2\/pages\/889"}],"wp:attachment":[{"href":"https:\/\/crecimientointerior.com\/index.php\/wp-json\/wp\/v2\/media?parent=1156"}],"curies":[{"name":"wp","href":"https:\/\/api.w.org\/{rel}","templated":true}]}}

<p style="text-align: justify;">Este trabajo se dio a conocer en la Asociación de Terapeutas Florales en Madrid y por las fechas “Navideñas” del 2016. Fue inspirador el ser conocedora del cómo, donde, cuando, desde donde y, para que…comemos y del modo en que comemos y, nos alimentamos cada ser humano, es más, también lo podemos observar en animales sobre todo los “domésticos”, ya que están muy cerca de nosotros, hasta algunos se encuentran “domesticados”… y, ya se conoce que ellos tienen como nosotros, algunas “neuronas espejo” (Giacomo Rizolatti, Año 1996)</p>
<p style="text-align: justify;">La sugerencia, está en poder hallar el origen del conflicto original de cada tipo de personalidad o eneatipo &#8211;  eneagramático, y desde ahí construir una manera saludable de darse el alimento, sin máscaras, ni temores, ni desaveniencias con su pasado ni dolencias añadidas que vayan a “mermar” credibilidad a su presente</p>
<p style="text-align: justify;">Ni que decir tiene que, su verdad en cuanto a la alimentación, tendrá y mucho que ver con el alimento que recibió en su profunda y tierna infancia, de quien, cuando, donde, como y, desde donde la persona lo experimenta, lo interioriza y lo extiende como genuino, sin la transformación adecuada a <strong>la vivencia del HOY</strong>, el presente verdadero y, elegido desde una conciencia amplia, limpia, flexible y libre de errores y manifestaciones inadecuadas, un estar y ser desde lo original, o sea, conectado con el origen y formateando estrategias rehabilitadas  en adecuación y ecuanimidad profunda</p>
<p style="text-align: justify;">Una propuesta divertida y experiencial que puede favorecer “mucha luz” a según quienes lo  necesiten…</p>
<p style="text-align: justify;">Ojalá te lo disfrutes y quieras acercarte a conocerte no más, sino mejor, serás feliz y dueño de tu historia.</p>
<p style="text-align: center;">
<p><strong>Carmen Risueño Izquierdo-Seflor Diciembre-2016</strong></p>

<p>Este trabajo se dio a conocer en la Asociación de Terapeutas Florales en Madrid y por las fechas “Navideñas” del 2016. Fue inspirador el ser conocedora del cómo, donde, cuando, desde donde y, para que…comemos y del modo en que comemos y, nos alimentamos cada ser humano, es más, también lo podemos observar en animales &hellip; <a href="https://crecimientointerior.com/index.php/eneagrama-de-la-personalidad/las-comidas-y-sus-relaciones-con-los-eneatipos-del-eneagrama-de-la-personalidad/" class="more-link">Seguir leyendo <span class="screen-reader-text">Las comidas y sus relaciones con los eneatipos del Eneagrama de la personalidad</span> <span class="meta-nav">&rarr;</span></a></p>
