{"id":1076,"date":"2016-02-05T11:07:47","date_gmt":"2016-02-05T10:07:47","guid":{"rendered":"http:\/\/crecimientointerior.com\/?page_id=1076"},"modified":"2016-02-05T11:07:47","modified_gmt":"2016-02-05T10:07:47","slug":"triadas","status":"publish","type":"page","link":"https:\/\/crecimientointerior.com\/index.php\/eneagrama-de-la-personalidad\/triadas\/","title":{"rendered":"Tr\u00edadas"},"content":{"rendered":"<p style=\"text-align:center;color:#000000;\"><b>EL SENTIDO de las TR\u00cdADAS\u00a0<\/b><\/p>\n<p style=\"text-align:justify;color:#000000;\"><b>Las Tr\u00edadas<\/b>, como agrupaci\u00f3n de eneatipos con una <b>misma \u201ctendencia<\/b>\u201d<\/p>\n<ul>\n<li style=\"text-align:justify;color:#000000;\">Diferentes tr\u00edadas, diferentes dimensiones t\u00e9mporo\/espaciales<\/li>\n<li style=\"text-align:justify;color:#000000;\">Agrupaciones de a <b>TRES desde:<\/b> Padre, madre, hijo y,\u202f <b>Uni<\/b><b>-verso\u202f <\/b>que es lo hecho de <b>UNAVEZ.<\/b> Ampliamos nuestro Universo, ampliamos nuestra visi\u00f3n global de nuestras cosas<\/li>\n<\/ul>\n<p style=\"text-align:justify;color:#000000;\">\u00a0<img loading=\"lazy\" decoding=\"async\" class=\"size-full wp-image-1077 aligncenter\" src=\"https:\/\/carmenrisueno.files.wordpress.com\/2016\/02\/triadas-01.png\" alt=\"Triadas 01\" width=\"259\" height=\"194\" \/><br \/>\nTeniendo en cuenta que <i>:<\/i><i>\u202f\u202f\u202f\u202f\u202f\u00a0<\/i><\/p>\n<ul style=\"text-align:justify;color:#000000;\">\n<li><b>El temperamento<\/b> del ser humano est\u00e1 \u00edntimamente relacionado con <b>las estructuras corporales<\/b> que derivan de <b>las tres capas embrionarias, <\/b>una vez fecundado el\u202f \u201chuevo\u201d \u00f3 embri\u00f3n<b><i>. <\/i><\/b>(Sheldon).<\/li>\n<\/ul>\n<p style=\"text-align:justify;color:#000000;\"><i>Cada personalidad remplaza su cualidad bloqueada por una imitaci\u00f3n de \u00e9sta, desarrollada por la misma personalidad. Parad\u00f3jicamente si el tipo de personalidad est\u00e1 en la tr\u00edada del sentimiento, esto no significa que tenga m\u00e1s sentimientos que los dem\u00e1s, sino que por el contrario, \u00e9ste es el componente de la psique menos capaz de funcionar libremente. De igual forma se da en las tr\u00edadas instintiva y del pensamiento. Pu\u00e9dase hallar su punto ciego.<\/i><\/p>\n<p>\u00a0<img loading=\"lazy\" decoding=\"async\" class=\"size-full wp-image-1078 aligncenter\" src=\"https:\/\/carmenrisueno.files.wordpress.com\/2016\/02\/triadas-02.png\" alt=\"Triadas 02\" width=\"247\" height=\"204\" \/><\/p>\n<p style=\"text-align:justify;color:#000000;\">Contemplaremos la posibilidad de\u202faprender tambi\u00e9n desde lo neurofisiol\u00f3gico, todo se maneja con el todo. La diferenciaci\u00f3n de la similitud. \u00a1\u00a1La uni\u00f3n de las diferencias!!.<\/p>\n<p>\u00a0<img loading=\"lazy\" decoding=\"async\" class=\"size-full wp-image-1079 aligncenter\" src=\"https:\/\/carmenrisueno.files.wordpress.com\/2016\/02\/triadas-03.png\" alt=\"Triadas 03\" width=\"260\" height=\"194\" \/><\/p>\n<p style=\"text-align:justify;color:#000000;\"><b>Infinidad de Tr\u00edadas<\/b> podremos encontrar, tantas como estados y estad\u00edos\u00a0dentro de si mismo y fuera de si mismo<\/p>\n","protected":false},"excerpt":{"rendered":"<p>EL SENTIDO de las TR\u00cdADAS\u00a0 Las Tr\u00edadas, como agrupaci\u00f3n de eneatipos con una misma \u201ctendencia\u201d Diferentes tr\u00edadas, diferentes dimensiones t\u00e9mporo\/espaciales Agrupaciones de a TRES desde: Padre, madre, hijo y,\u202f Uni-verso\u202f que es lo hecho de UNAVEZ. Ampliamos nuestro Universo, ampliamos nuestra visi\u00f3n global de nuestras cosas \u00a0 Teniendo en cuenta que :\u202f\u202f\u202f\u202f\u202f\u00a0 El temperamento del &hellip; <a href=\"https:\/\/crecimientointerior.com\/index.php\/eneagrama-de-la-personalidad\/triadas\/\" class=\"more-link\">Seguir leyendo <span class=\"screen-reader-text\">Tr\u00edadas<\/span> <span class=\"meta-nav\">&rarr;<\/span><\/a><\/p>\n","protected":false},"author":1,"featured_media":0,"parent":889,"menu_order":3,"comment_status":"closed","ping_status":"closed","template":"","meta":{"footnotes":""},"class_list":["post-1076","page","type-page","status-publish","hentry"],"_links":{"self":[{"href":"https:\/\/crecimientointerior.com\/index.php\/wp-json\/wp\/v2\/pages\/1076","targetHints":{"allow":["GET"]}}],"collection":[{"href":"https:\/\/crecimientointerior.com\/index.php\/wp-json\/wp\/v2\/pages"}],"about":[{"href":"https:\/\/crecimientointerior.com\/index.php\/wp-json\/wp\/v2\/types\/page"}],"author":[{"embeddable":true,"href":"https:\/\/crecimientointerior.com\/index.php\/wp-json\/wp\/v2\/users\/1"}],"replies":[{"embeddable":true,"href":"https:\/\/crecimientointerior.com\/index.php\/wp-json\/wp\/v2\/comments?post=1076"}],"version-history":[{"count":0,"href":"https:\/\/crecimientointerior.com\/index.php\/wp-json\/wp\/v2\/pages\/1076\/revisions"}],"up":[{"embeddable":true,"href":"https:\/\/crecimientointerior.com\/index.php\/wp-json\/wp\/v2\/pages\/889"}],"wp:attachment":[{"href":"https:\/\/crecimientointerior.com\/index.php\/wp-json\/wp\/v2\/media?parent=1076"}],"curies":[{"name":"wp","href":"https:\/\/api.w.org\/{rel}","templated":true}]}}

Tríadas

<p style="text-align:center;color:#000000;"><b>EL SENTIDO de las TRÍADAS </b></p>
<p style="text-align:justify;color:#000000;"><b>Las Tríadas</b>, como agrupación de eneatipos con una <b>misma “tendencia</b>”</p>
<ul>
<li style="text-align:justify;color:#000000;">Diferentes tríadas, diferentes dimensiones témporo/espaciales</li>
<li style="text-align:justify;color:#000000;">Agrupaciones de a <b>TRES desde:</b> Padre, madre, hijo y,  <b>Uni</b><b>-verso  </b>que es lo hecho de <b>UNAVEZ.</b> Ampliamos nuestro Universo, ampliamos nuestra visión global de nuestras cosas</li>
</ul>
<p style="text-align:justify;color:#000000;"> <img loading="lazy" decoding="async" class="size-full wp-image-1077 aligncenter" src="https://carmenrisueno.files.wordpress.com/2016/02/triadas-01.png" alt="Triadas 01" width="259" height="194" /><br />
Teniendo en cuenta que <i>:</i><i>      </i></p>
<ul style="text-align:justify;color:#000000;">
<li><b>El temperamento</b> del ser humano está íntimamente relacionado con <b>las estructuras corporales</b> que derivan de <b>las tres capas embrionarias, </b>una vez fecundado el  “huevo” ó embrión<b><i>. </i></b>(Sheldon).</li>
</ul>
<p style="text-align:justify;color:#000000;"><i>Cada personalidad remplaza su cualidad bloqueada por una imitación de ésta, desarrollada por la misma personalidad. Paradójicamente si el tipo de personalidad está en la tríada del sentimiento, esto no significa que tenga más sentimientos que los demás, sino que por el contrario, éste es el componente de la psique menos capaz de funcionar libremente. De igual forma se da en las tríadas instintiva y del pensamiento. Puédase hallar su punto ciego.</i></p>
<p> <img loading="lazy" decoding="async" class="size-full wp-image-1078 aligncenter" src="https://carmenrisueno.files.wordpress.com/2016/02/triadas-02.png" alt="Triadas 02" width="247" height="204" /></p>
<p style="text-align:justify;color:#000000;">Contemplaremos la posibilidad de aprender también desde lo neurofisiológico, todo se maneja con el todo. La diferenciación de la similitud. ¡¡La unión de las diferencias!!.</p>
<p> <img loading="lazy" decoding="async" class="size-full wp-image-1079 aligncenter" src="https://carmenrisueno.files.wordpress.com/2016/02/triadas-03.png" alt="Triadas 03" width="260" height="194" /></p>
<p style="text-align:justify;color:#000000;"><b>Infinidad de Tríadas</b> podremos encontrar, tantas como estados y estadíos dentro de si mismo y fuera de si mismo</p>

<p>EL SENTIDO de las TRÍADAS  Las Tríadas, como agrupación de eneatipos con una misma “tendencia” Diferentes tríadas, diferentes dimensiones témporo/espaciales Agrupaciones de a TRES desde: Padre, madre, hijo y,  Uni-verso  que es lo hecho de UNAVEZ. Ampliamos nuestro Universo, ampliamos nuestra visión global de nuestras cosas   Teniendo en cuenta que :       El temperamento del &hellip; <a href="https://crecimientointerior.com/index.php/eneagrama-de-la-personalidad/triadas/" class="more-link">Seguir leyendo <span class="screen-reader-text">Tríadas</span> <span class="meta-nav">&rarr;</span></a></p>
