{"id":1005,"date":"2015-12-22T17:13:25","date_gmt":"2015-12-22T16:13:25","guid":{"rendered":"http:\/\/crecimientointerior.com\/?page_id=1005"},"modified":"2015-12-22T17:13:25","modified_gmt":"2015-12-22T16:13:25","slug":"medicina-psicosomatica","status":"publish","type":"page","link":"https:\/\/crecimientointerior.com\/index.php\/medicina-psicosomatica\/","title":{"rendered":"Medicina Psicosom\u00e1tica"},"content":{"rendered":"<p style=\"text-align:justify;\"><span style=\"color:#000000;\">Las alteraciones emocionales, los problemas en las relaciones, las preocupaciones, el estr\u00e9s\u2026 provocan trastornos en nuestro organismo.<\/span><\/p>\n<p style=\"text-align:justify;\"><span style=\"color:#000000;\">La medicina Psicosom\u00e1tica es la parte de la medicina que contempla la relaci\u00f3n directa de las enfermedades del cuerpo y sus componentes emocionales.<\/span><\/p>\n<p style=\"text-align:justify;\"><span style=\"color:#000000;\">El ser humano es la uni\u00f3n de su psiquis (alma) y soma (cuerpo vivo). La curaci\u00f3n del cuerpo f\u00edsico ayuda a la mente, la mejor\u00eda de la mente cura al cuerpo.<\/span><\/p>\n<p style=\"text-align:justify;\"><span style=\"color:#000000;\">La capacidad de ver al ser humano como cuerpo-mente surge con los primeros m\u00e9dicos psicoanalistas, y en concreto vive un gran impulso con Wilhelm Reich. Para Reich, el cuerpo expresa lo no expresado o lo reprimido. Alexander Lowen contin\u00faa su labor y presenta al ser humano como una entidad psico-corporal indivisible creando la Bioenerg\u00e9tica.<\/span><\/p>\n<p style=\"text-align:justify;\"><span style=\"color:#000000;\">La visi\u00f3n reichiana (de W. Reich) y la de la terapia bioenerg\u00e9tica (de A. Lowen) que integramos en Zuhaizpe nos ayudan a contemplar a la enfermedad como la expresi\u00f3n de lo no dicho, lo no vivido, lo no contado, lo no elaborado.<\/span><\/p>\n<p style=\"text-align:justify;\"><span style=\"color:#000000;\">El recuerdo de lo que vivimos hace a\u00f1os es posible que est\u00e9 en nuestra mente, pero con frecuencia, el recuerdo de lo sentido en esa situaci\u00f3n se encuentra en nuestro cuerpo. Nuestro cuerpo expresa con frecuencia en forma de tensiones o bloqueos musculares, o como zonas \u201cfr\u00edas y congeladas\u201d y apartadas de la consciencia todo lo que nos hac\u00eda sufrir. Lo reprimido o evitado, desde el concepto de la medicina psicosom\u00e1tica se expresa como constituci\u00f3n corporal y como car\u00e1cter. Siempre expresamos, a veces por la palabra, otras veces por las tensiones o acorazamiento muscular o finalmente a trav\u00e9s de alguna enfermedad.<\/span><\/p>\n<p style=\"text-align:justify;\"><span style=\"color:#000000;\"><strong>Dr, Karmelo Bizcarra<\/strong><\/span><\/p>\n<p style=\"text-align:justify;\"><span style=\"color:#000000;\"><strong>Zuhaizpe-Navarra(Centro de Salud Vital)<\/strong><\/span><\/p>\n","protected":false},"excerpt":{"rendered":"<p>Las alteraciones emocionales, los problemas en las relaciones, las preocupaciones, el estr\u00e9s\u2026 provocan trastornos en nuestro organismo. La medicina Psicosom\u00e1tica es la parte de la medicina que contempla la relaci\u00f3n directa de las enfermedades del cuerpo y sus componentes emocionales. El ser humano es la uni\u00f3n de su psiquis (alma) y soma (cuerpo vivo). La &hellip; <a href=\"https:\/\/crecimientointerior.com\/index.php\/medicina-psicosomatica\/\" class=\"more-link\">Seguir leyendo <span class=\"screen-reader-text\">Medicina Psicosom\u00e1tica<\/span> <span class=\"meta-nav\">&rarr;<\/span><\/a><\/p>\n","protected":false},"author":1,"featured_media":0,"parent":0,"menu_order":3,"comment_status":"closed","ping_status":"closed","template":"","meta":{"footnotes":""},"class_list":["post-1005","page","type-page","status-publish","hentry"],"_links":{"self":[{"href":"https:\/\/crecimientointerior.com\/index.php\/wp-json\/wp\/v2\/pages\/1005","targetHints":{"allow":["GET"]}}],"collection":[{"href":"https:\/\/crecimientointerior.com\/index.php\/wp-json\/wp\/v2\/pages"}],"about":[{"href":"https:\/\/crecimientointerior.com\/index.php\/wp-json\/wp\/v2\/types\/page"}],"author":[{"embeddable":true,"href":"https:\/\/crecimientointerior.com\/index.php\/wp-json\/wp\/v2\/users\/1"}],"replies":[{"embeddable":true,"href":"https:\/\/crecimientointerior.com\/index.php\/wp-json\/wp\/v2\/comments?post=1005"}],"version-history":[{"count":0,"href":"https:\/\/crecimientointerior.com\/index.php\/wp-json\/wp\/v2\/pages\/1005\/revisions"}],"wp:attachment":[{"href":"https:\/\/crecimientointerior.com\/index.php\/wp-json\/wp\/v2\/media?parent=1005"}],"curies":[{"name":"wp","href":"https:\/\/api.w.org\/{rel}","templated":true}]}}

Medicina Psicosomática

<p style="text-align:justify;"><span style="color:#000000;">Las alteraciones emocionales, los problemas en las relaciones, las preocupaciones, el estrés… provocan trastornos en nuestro organismo.</span></p>
<p style="text-align:justify;"><span style="color:#000000;">La medicina Psicosomática es la parte de la medicina que contempla la relación directa de las enfermedades del cuerpo y sus componentes emocionales.</span></p>
<p style="text-align:justify;"><span style="color:#000000;">El ser humano es la unión de su psiquis (alma) y soma (cuerpo vivo). La curación del cuerpo físico ayuda a la mente, la mejoría de la mente cura al cuerpo.</span></p>
<p style="text-align:justify;"><span style="color:#000000;">La capacidad de ver al ser humano como cuerpo-mente surge con los primeros médicos psicoanalistas, y en concreto vive un gran impulso con Wilhelm Reich. Para Reich, el cuerpo expresa lo no expresado o lo reprimido. Alexander Lowen continúa su labor y presenta al ser humano como una entidad psico-corporal indivisible creando la Bioenergética.</span></p>
<p style="text-align:justify;"><span style="color:#000000;">La visión reichiana (de W. Reich) y la de la terapia bioenergética (de A. Lowen) que integramos en Zuhaizpe nos ayudan a contemplar a la enfermedad como la expresión de lo no dicho, lo no vivido, lo no contado, lo no elaborado.</span></p>
<p style="text-align:justify;"><span style="color:#000000;">El recuerdo de lo que vivimos hace años es posible que esté en nuestra mente, pero con frecuencia, el recuerdo de lo sentido en esa situación se encuentra en nuestro cuerpo. Nuestro cuerpo expresa con frecuencia en forma de tensiones o bloqueos musculares, o como zonas “frías y congeladas” y apartadas de la consciencia todo lo que nos hacía sufrir. Lo reprimido o evitado, desde el concepto de la medicina psicosomática se expresa como constitución corporal y como carácter. Siempre expresamos, a veces por la palabra, otras veces por las tensiones o acorazamiento muscular o finalmente a través de alguna enfermedad.</span></p>
<p style="text-align:justify;"><span style="color:#000000;"><strong>Dr, Karmelo Bizcarra</strong></span></p>
<p style="text-align:justify;"><span style="color:#000000;"><strong>Zuhaizpe-Navarra(Centro de Salud Vital)</strong></span></p>

<p>Las alteraciones emocionales, los problemas en las relaciones, las preocupaciones, el estrés… provocan trastornos en nuestro organismo. La medicina Psicosomática es la parte de la medicina que contempla la relación directa de las enfermedades del cuerpo y sus componentes emocionales. El ser humano es la unión de su psiquis (alma) y soma (cuerpo vivo). La &hellip; <a href="https://crecimientointerior.com/index.php/medicina-psicosomatica/" class="more-link">Seguir leyendo <span class="screen-reader-text">Medicina Psicosomática</span> <span class="meta-nav">&rarr;</span></a></p>
